{"id":67995,"date":"2016-12-12T17:02:32","date_gmt":"2016-12-13T01:02:32","guid":{"rendered":"http:\/\/www.cetys.mx\/noticias\/?page_id=67995"},"modified":"2016-12-13T11:17:19","modified_gmt":"2016-12-13T19:17:19","slug":"coleccion-editorial-interinstitucional","status":"publish","type":"page","link":"https:\/\/www.cetys.mx\/noticias\/coleccion-editorial-interinstitucional\/","title":{"rendered":"Colecci\u00f3n Editorial Interinstitucional"},"content":{"rendered":"<div class=\"margcont\" style=\"padding: 15px;\">\n<p align=\"center\"><img loading=\"lazy\" decoding=\"async\" src=\"https:\/\/www.cetys.mx\/userfiles\/plecas\/298_CETYSEditorial.jpg\" alt=\"Colecci\u00f3n Editorial Interinstitucional\" width=\"700\" height=\"220\" \/><\/p>\n<p align=\"center\">\n<table border=\"0\" width=\"600\" cellspacing=\"0\" cellpadding=\"0\" align=\"center\">\n<tbody>\n<tr>\n<td valign=\"top\" width=\"72\">\n<div align=\"center\"><img loading=\"lazy\" decoding=\"async\" src=\"\/userfiles\/ed12.jpg\" alt=\"\" width=\"72\" height=\"86\" border=\"0\" \/><\/div>\n<\/td>\n<td valign=\"top\" width=\"432\">\n<div align=\"justify\"><\/div>\n<div align=\"justify\"><span style=\"font-size: larger;\"><strong>Las voces del Aula (2006)<\/strong><\/span><\/div>\n<div align=\"justify\"><em>Alberto G\u00e1rate<\/em><\/div>\n<\/td>\n<\/tr>\n<\/tbody>\n<\/table>\n<p>&nbsp;<\/p>\n<table border=\"0\" width=\"600\" cellspacing=\"0\" cellpadding=\"0\" align=\"center\">\n<tbody>\n<tr>\n<td valign=\"top\" width=\"72\">\n<div align=\"center\"><img loading=\"lazy\" decoding=\"async\" src=\"\/userfiles\/ed13.jpg\" alt=\"\" width=\"72\" height=\"86\" border=\"0\" \/><\/div>\n<\/td>\n<td valign=\"top\" width=\"432\">\n<div align=\"justify\"><\/div>\n<div align=\"justify\"><span style=\"font-size: larger;\"><strong>Negocios y Relaciones en un Mundo Diverso (2007)<\/strong><\/span><\/div>\n<div align=\"justify\"><em>Ra\u00fal Delgado<br \/>\n<\/em><\/div>\n<\/td>\n<\/tr>\n<\/tbody>\n<\/table>\n<p>&nbsp;<\/p>\n<table border=\"0\" width=\"600\" cellspacing=\"0\" cellpadding=\"0\" align=\"center\">\n<tbody>\n<tr>\n<td valign=\"top\" width=\"72\">\n<div align=\"center\"><img loading=\"lazy\" decoding=\"async\" src=\"\/userfiles\/ed14.jpg\" alt=\"\" width=\"72\" height=\"86\" border=\"0\" \/><\/div>\n<\/td>\n<td valign=\"top\" width=\"432\">\n<div align=\"justify\"><\/div>\n<div align=\"justify\"><span style=\"font-size: larger;\"><strong>El manejo costero en M\u00e9xico (2004)<\/strong><\/span><\/div>\n<div align=\"justify\"><em>Isaac Az\u00faz<\/em><\/div>\n<\/td>\n<\/tr>\n<\/tbody>\n<\/table>\n<p>&nbsp;<\/p>\n<table border=\"0\" width=\"600\" cellspacing=\"0\" cellpadding=\"0\" align=\"center\">\n<tbody>\n<tr>\n<td valign=\"top\" width=\"72\"><\/td>\n<td valign=\"top\" width=\"432\">\n<div align=\"justify\"><\/div>\n<div align=\"justify\"><span style=\"font-size: larger;\"><strong>Programa de Cultura de la Legalidad (2007)<\/strong><\/span><\/div>\n<div align=\"justify\"><em>Marco Carrillo, Mart\u00edn Mart\u00ednez<br \/>\n<\/em><\/div>\n<\/td>\n<\/tr>\n<\/tbody>\n<\/table>\n<\/div>\n","protected":false},"excerpt":{"rendered":"<p>Las voces del Aula (2006) Alberto G\u00e1rate &nbsp; Negocios y Relaciones en un Mundo Diverso (2007) Ra\u00fal Delgado &nbsp; El manejo costero&#8230;<\/p>\n","protected":false},"author":5,"featured_media":0,"parent":0,"menu_order":0,"comment_status":"closed","ping_status":"closed","template":"template-landing.php","meta":{"footnotes":""},"class_list":["post-67995","page","type-page","status-publish","hentry"],"yoast_head":"<!-- This site is optimized with the Yoast SEO plugin v27.4 - https:\/\/yoast.com\/product\/yoast-seo-wordpress\/ -->\n<title>Colecci\u00f3n Editorial Interinstitucional - CETYS<\/title>\n<meta name=\"robots\" content=\"index, follow, max-snippet:-1, max-image-preview:large, max-video-preview:-1\" \/>\n<link rel=\"canonical\" href=\"https:\/\/www.cetys.mx\/noticias\/coleccion-editorial-interinstitucional\/\" \/>\n<meta property=\"og:locale\" content=\"es_MX\" \/>\n<meta property=\"og:type\" content=\"article\" \/>\n<meta property=\"og:title\" content=\"Colecci\u00f3n Editorial Interinstitucional - CETYS\" \/>\n<meta property=\"og:description\" content=\"Las voces del Aula (2006) Alberto G\u00e1rate &nbsp; Negocios y Relaciones en un Mundo Diverso (2007) Ra\u00fal Delgado &nbsp; El manejo costero...\" \/>\n<meta property=\"og:url\" content=\"https:\/\/www.cetys.mx\/noticias\/coleccion-editorial-interinstitucional\/\" \/>\n<meta property=\"og:site_name\" content=\"CETYS\" \/>\n<meta property=\"article:publisher\" content=\"https:\/\/www.facebook.com\/cetysuniversidadmxl\/\" \/>\n<meta property=\"article:modified_time\" content=\"2016-12-13T19:17:19+00:00\" \/>\n<meta property=\"og:image\" content=\"https:\/\/www.cetys.mx\/userfiles\/plecas\/298_CETYSEditorial.jpg\" \/>\n<meta name=\"twitter:card\" content=\"summary_large_image\" \/>\n<meta name=\"twitter:site\" content=\"@cetysuni\" \/>\n<script type=\"application\/ld+json\" class=\"yoast-schema-graph\">{\"@context\":\"https:\\\/\\\/schema.org\",\"@graph\":[{\"@type\":\"WebPage\",\"@id\":\"https:\\\/\\\/www.cetys.mx\\\/noticias\\\/coleccion-editorial-interinstitucional\\\/\",\"url\":\"https:\\\/\\\/www.cetys.mx\\\/noticias\\\/coleccion-editorial-interinstitucional\\\/\",\"name\":\"Colecci\u00f3n Editorial Interinstitucional - CETYS\",\"isPartOf\":{\"@id\":\"https:\\\/\\\/www.cetys.mx\\\/noticias\\\/#website\"},\"primaryImageOfPage\":{\"@id\":\"https:\\\/\\\/www.cetys.mx\\\/noticias\\\/coleccion-editorial-interinstitucional\\\/#primaryimage\"},\"image\":{\"@id\":\"https:\\\/\\\/www.cetys.mx\\\/noticias\\\/coleccion-editorial-interinstitucional\\\/#primaryimage\"},\"thumbnailUrl\":\"https:\\\/\\\/www.cetys.mx\\\/userfiles\\\/plecas\\\/298_CETYSEditorial.jpg\",\"datePublished\":\"2016-12-13T01:02:32+00:00\",\"dateModified\":\"2016-12-13T19:17:19+00:00\",\"breadcrumb\":{\"@id\":\"https:\\\/\\\/www.cetys.mx\\\/noticias\\\/coleccion-editorial-interinstitucional\\\/#breadcrumb\"},\"inLanguage\":\"es\",\"potentialAction\":[{\"@type\":\"ReadAction\",\"target\":[\"https:\\\/\\\/www.cetys.mx\\\/noticias\\\/coleccion-editorial-interinstitucional\\\/\"]}]},{\"@type\":\"ImageObject\",\"inLanguage\":\"es\",\"@id\":\"https:\\\/\\\/www.cetys.mx\\\/noticias\\\/coleccion-editorial-interinstitucional\\\/#primaryimage\",\"url\":\"https:\\\/\\\/www.cetys.mx\\\/userfiles\\\/plecas\\\/298_CETYSEditorial.jpg\",\"contentUrl\":\"https:\\\/\\\/www.cetys.mx\\\/userfiles\\\/plecas\\\/298_CETYSEditorial.jpg\"},{\"@type\":\"BreadcrumbList\",\"@id\":\"https:\\\/\\\/www.cetys.mx\\\/noticias\\\/coleccion-editorial-interinstitucional\\\/#breadcrumb\",\"itemListElement\":[{\"@type\":\"ListItem\",\"position\":1,\"name\":\"Inicio\",\"item\":\"https:\\\/\\\/www.cetys.mx\\\/noticias\\\/\"},{\"@type\":\"ListItem\",\"position\":2,\"name\":\"Colecci\u00f3n Editorial Interinstitucional\"}]},{\"@type\":\"WebSite\",\"@id\":\"https:\\\/\\\/www.cetys.mx\\\/noticias\\\/#website\",\"url\":\"https:\\\/\\\/www.cetys.mx\\\/noticias\\\/\",\"name\":\"CETYS\",\"description\":\"\",\"potentialAction\":[{\"@type\":\"SearchAction\",\"target\":{\"@type\":\"EntryPoint\",\"urlTemplate\":\"https:\\\/\\\/www.cetys.mx\\\/noticias\\\/?s={search_term_string}\"},\"query-input\":{\"@type\":\"PropertyValueSpecification\",\"valueRequired\":true,\"valueName\":\"search_term_string\"}}],\"inLanguage\":\"es\"}]}<\/script>\n<!-- \/ Yoast SEO plugin. -->","yoast_head_json":{"title":"Colecci\u00f3n Editorial Interinstitucional - CETYS","robots":{"index":"index","follow":"follow","max-snippet":"max-snippet:-1","max-image-preview":"max-image-preview:large","max-video-preview":"max-video-preview:-1"},"canonical":"https:\/\/www.cetys.mx\/noticias\/coleccion-editorial-interinstitucional\/","og_locale":"es_MX","og_type":"article","og_title":"Colecci\u00f3n Editorial Interinstitucional - CETYS","og_description":"Las voces del Aula (2006) Alberto G\u00e1rate &nbsp; Negocios y Relaciones en un Mundo Diverso (2007) Ra\u00fal Delgado &nbsp; El manejo costero...","og_url":"https:\/\/www.cetys.mx\/noticias\/coleccion-editorial-interinstitucional\/","og_site_name":"CETYS","article_publisher":"https:\/\/www.facebook.com\/cetysuniversidadmxl\/","article_modified_time":"2016-12-13T19:17:19+00:00","og_image":[{"url":"https:\/\/www.cetys.mx\/userfiles\/plecas\/298_CETYSEditorial.jpg","type":"","width":"","height":""}],"twitter_card":"summary_large_image","twitter_site":"@cetysuni","schema":{"@context":"https:\/\/schema.org","@graph":[{"@type":"WebPage","@id":"https:\/\/www.cetys.mx\/noticias\/coleccion-editorial-interinstitucional\/","url":"https:\/\/www.cetys.mx\/noticias\/coleccion-editorial-interinstitucional\/","name":"Colecci\u00f3n Editorial Interinstitucional - CETYS","isPartOf":{"@id":"https:\/\/www.cetys.mx\/noticias\/#website"},"primaryImageOfPage":{"@id":"https:\/\/www.cetys.mx\/noticias\/coleccion-editorial-interinstitucional\/#primaryimage"},"image":{"@id":"https:\/\/www.cetys.mx\/noticias\/coleccion-editorial-interinstitucional\/#primaryimage"},"thumbnailUrl":"https:\/\/www.cetys.mx\/userfiles\/plecas\/298_CETYSEditorial.jpg","datePublished":"2016-12-13T01:02:32+00:00","dateModified":"2016-12-13T19:17:19+00:00","breadcrumb":{"@id":"https:\/\/www.cetys.mx\/noticias\/coleccion-editorial-interinstitucional\/#breadcrumb"},"inLanguage":"es","potentialAction":[{"@type":"ReadAction","target":["https:\/\/www.cetys.mx\/noticias\/coleccion-editorial-interinstitucional\/"]}]},{"@type":"ImageObject","inLanguage":"es","@id":"https:\/\/www.cetys.mx\/noticias\/coleccion-editorial-interinstitucional\/#primaryimage","url":"https:\/\/www.cetys.mx\/userfiles\/plecas\/298_CETYSEditorial.jpg","contentUrl":"https:\/\/www.cetys.mx\/userfiles\/plecas\/298_CETYSEditorial.jpg"},{"@type":"BreadcrumbList","@id":"https:\/\/www.cetys.mx\/noticias\/coleccion-editorial-interinstitucional\/#breadcrumb","itemListElement":[{"@type":"ListItem","position":1,"name":"Inicio","item":"https:\/\/www.cetys.mx\/noticias\/"},{"@type":"ListItem","position":2,"name":"Colecci\u00f3n Editorial Interinstitucional"}]},{"@type":"WebSite","@id":"https:\/\/www.cetys.mx\/noticias\/#website","url":"https:\/\/www.cetys.mx\/noticias\/","name":"CETYS","description":"","potentialAction":[{"@type":"SearchAction","target":{"@type":"EntryPoint","urlTemplate":"https:\/\/www.cetys.mx\/noticias\/?s={search_term_string}"},"query-input":{"@type":"PropertyValueSpecification","valueRequired":true,"valueName":"search_term_string"}}],"inLanguage":"es"}]}},"_links":{"self":[{"href":"https:\/\/www.cetys.mx\/noticias\/wp-json\/wp\/v2\/pages\/67995","targetHints":{"allow":["GET"]}}],"collection":[{"href":"https:\/\/www.cetys.mx\/noticias\/wp-json\/wp\/v2\/pages"}],"about":[{"href":"https:\/\/www.cetys.mx\/noticias\/wp-json\/wp\/v2\/types\/page"}],"author":[{"embeddable":true,"href":"https:\/\/www.cetys.mx\/noticias\/wp-json\/wp\/v2\/users\/5"}],"replies":[{"embeddable":true,"href":"https:\/\/www.cetys.mx\/noticias\/wp-json\/wp\/v2\/comments?post=67995"}],"version-history":[{"count":0,"href":"https:\/\/www.cetys.mx\/noticias\/wp-json\/wp\/v2\/pages\/67995\/revisions"}],"wp:attachment":[{"href":"https:\/\/www.cetys.mx\/noticias\/wp-json\/wp\/v2\/media?parent=67995"}],"curies":[{"name":"wp","href":"https:\/\/api.w.org\/{rel}","templated":true}]}}