{"id":15263,"date":"2016-02-23T17:59:42","date_gmt":"2016-02-24T01:59:42","guid":{"rendered":"http:\/\/vocetys.mx\/?page_id=15263"},"modified":"2019-12-10T16:04:56","modified_gmt":"2019-12-11T00:04:56","slug":"contacto","status":"publish","type":"page","link":"https:\/\/www.cetys.mx\/noticias\/contacto\/","title":{"rendered":"Contacto"},"content":{"rendered":"<section class=\"section  \">\n        <div class=\"row clearfix\">\n            \n\t<div class=\"col-md-6 wpb_column vc_column_container\">\n\t\t<div class=\"wpb_wrapper\">\n\t\t\t\n\t<div class=\"wpb_text_column wpb_content_element \">\n\t\t<div class=\"wpb_wrapper\">\n\t\t\t<h2><span style=\"color: #000000;\">Contacto<\/span><\/h2>\n\n\t\t<\/div> \n\t<\/div> \n<div class=\"wpcf7 no-js\" id=\"wpcf7-f992-o1\" lang=\"es-ES\" dir=\"ltr\" data-wpcf7-id=\"992\">\n<div class=\"screen-reader-response\"><p role=\"status\" aria-live=\"polite\" aria-atomic=\"true\"><\/p> <ul><\/ul><\/div>\n<form action=\"\/noticias\/wp-json\/wp\/v2\/pages\/15263#wpcf7-f992-o1\" method=\"post\" class=\"wpcf7-form init\" aria-label=\"Formulario de contacto\" novalidate=\"novalidate\" data-status=\"init\">\n<fieldset class=\"hidden-fields-container\"><input type=\"hidden\" name=\"_wpcf7\" value=\"992\" \/><input type=\"hidden\" name=\"_wpcf7_version\" value=\"6.1.5\" \/><input type=\"hidden\" name=\"_wpcf7_locale\" value=\"es_ES\" \/><input type=\"hidden\" name=\"_wpcf7_unit_tag\" value=\"wpcf7-f992-o1\" \/><input type=\"hidden\" name=\"_wpcf7_container_post\" value=\"0\" \/><input type=\"hidden\" name=\"_wpcf7_posted_data_hash\" value=\"\" \/>\n<\/fieldset>\n<p>Tu nombre (requerido)\n<\/p>\n<p><span class=\"wpcf7-form-control-wrap\" data-name=\"your-name\"><input size=\"40\" maxlength=\"400\" class=\"wpcf7-form-control wpcf7-text wpcf7-validates-as-required\" aria-required=\"true\" aria-invalid=\"false\" value=\"\" type=\"text\" name=\"your-name\" \/><\/span>\n<\/p>\n<p>Tu e-mail (requerido)\n<\/p>\n<p><span class=\"wpcf7-form-control-wrap\" data-name=\"your-email\"><input size=\"40\" maxlength=\"400\" class=\"wpcf7-form-control wpcf7-email wpcf7-validates-as-required wpcf7-text wpcf7-validates-as-email\" aria-required=\"true\" aria-invalid=\"false\" value=\"\" type=\"email\" name=\"your-email\" \/><\/span>\n<\/p>\n<p>Asunto\n<\/p>\n<p><span class=\"wpcf7-form-control-wrap\" data-name=\"your-subject\"><input size=\"40\" maxlength=\"400\" class=\"wpcf7-form-control wpcf7-text\" aria-invalid=\"false\" value=\"\" type=\"text\" name=\"your-subject\" \/><\/span>\n<\/p>\n<p>Su mensaje\n<\/p>\n<p><span class=\"wpcf7-form-control-wrap\" data-name=\"your-message\"><textarea cols=\"40\" rows=\"10\" maxlength=\"2000\" class=\"wpcf7-form-control wpcf7-textarea\" aria-invalid=\"false\" name=\"your-message\"><\/textarea><\/span>\n<\/p>\n<p><input class=\"wpcf7-form-control wpcf7-submit has-spinner\" type=\"submit\" value=\"Enviar\" \/>\n<\/p><div class=\"wpcf7-response-output\" aria-hidden=\"true\"><\/div>\n<\/form>\n<\/div>\n\n\t\t<\/div> \n\t<\/div> \n\t<div class=\"col-md-6 wpb_column vc_column_container\">\n\t\t<div class=\"wpb_wrapper\">\n\t\t\t\n\t<div class=\"wpb_text_column wpb_content_element \">\n\t\t<div class=\"wpb_wrapper\">\n\t\t\t<h2>VoCETYS Portal Informativo<\/h2>\n<p><span style=\"color: #000000;\">Sitio oficial de noticias del Sistema CETYS Universidad ubicado en Baja California, a trav\u00e9s del cual se dan a conocer las acciones y logros de la comunidad de esta instituci\u00f3n educativa en distintos \u00e1mbitos.<\/span><\/p>\n<ul class='fa-ul '><br \/>\n<li><i class='fa fa-fw  fa-map-marker' style='color : #978f4b;'><\/i> <span style=\"color: #000000;\">Calzada CETYS s\/n Col. Rivera C.P. 21259 | Mexicali, Baja California, M\u00e9xico<\/span><\/li><br \/>\n<li><i class='fa fa-fw  fa-envelope-o' style='color : #978f4b;'><\/i> <a href=\"mailto:vocetys@cetys.mx\">vocetys@cetys.mx <\/a><\/li><br \/>\n<li><i class='fa fa-fw  fa-phone' style='color : #978f4b;'><\/i> <span style=\"color: #000000;\">Tel\u00e9fono: +52 (686) 567-3700 <\/span><\/p>\n<p><span style=\"color: #000000;\">N\u00famero Gratuito 01 800 238 9769<\/span><\/li><br \/>\n<li><i class='fa fa-fw  fa-globe' style='color : #978f4b;'><\/i> <a href=\"https:\/\/www.cetys.mx\/\" target=\"_blank\" rel=\"noopener\">https:\/\/www.cetys.mx\/<\/a><\/li><br \/>\n<\/ul>\n<p><strong>Contactos:<\/strong><\/p>\n<p>SISTEMA<br \/>\n<strong>Mtro. Francisco Reyes Cervantes<\/strong><br \/>\nDirector de Comunicaci\u00f3n Institucional<br \/>\n+52 (664) 903-1800 Ext. 340<br \/>\n<a href=\"mailto:francisco@tij.cetys.mx\">francisco.reyes@cetys.mx<\/a><\/p>\n<p><strong>L.C.C. Cristina Monte\u00f3n<\/strong><br \/>\nCoordinadora de Comunicaci\u00f3n Institucional<br \/>\nResponsable del proyecto de RP Nacional e Internacional<br \/>\n+52(686) 567-3700 Ext. 1115<br \/>\n<a href=\"mailto:cristina.monteon@cetys.mx\">cristina.monteon@cetys.mx<\/a><\/p>\n<p>MEXICALI<br \/>\n<strong>Mtra. Laura Odette Ram\u00edrez Govea<\/strong><br \/>\nCoordinadora de Comunicaci\u00f3n y Relaciones P\u00fablicas<br \/>\n+52 (686) 567-3782<br \/>\n<a href=\"mailto:odette.ramirez@cetys.mx\">odette.ramirez@cetys.mx<\/a><\/p>\n<p>TIJUANA<br \/>\n<strong>Mtra. Angela N. Arroyo P\u00e9rez<\/strong><br \/>\nCoordinadora de Comunicaci\u00f3n y Relaciones P\u00fablicas<br \/>\n+52 (664) 903-1853<br \/>\n<a href=\"mailto:angela.arroyo@cetys.mx\">angela.arroyo@cetys.mx<\/a><\/p>\n<p>ENSENADA<br \/>\n<strong><b>Mtra. Claudia Garc\u00eda Ruiz <\/b><\/strong><br \/>\nCoordinadora de Comunicaci\u00f3n y Relaciones P\u00fablicas<br \/>\n+52 (646) 174-5095 Ext. 155<br \/>\n<a href=\"mailto:claudia.garcia@cetys.mx\">claudia.garcia<wbr \/>@cetys.mx<\/a><\/p>\n\n\t\t<\/div> \n\t<\/div> \n\t\t<\/div> \n\t<\/div> \n        <\/div>\n    <\/section><section class=\"section  \">\n        <div class=\"row clearfix\">\n            \n\t<div class=\"col-md-6 wpb_column vc_column_container\">\n\t\t<div class=\"wpb_wrapper\">\n\t\t\t\n\t<div class=\"wpb_text_column wpb_content_element \">\n\t\t<div class=\"wpb_wrapper\">\n\t\t\t<p>Tijuana<\/p>\n<div id='69e3b4dbb0dcb' class='jrmap ' data-lat='32.5064502' data-lng='-116.924165' data-zoom='14' data-ratio='0.5' data-showpopup='false' data-title='Mapa de ubicaci\u00f3n'><div class='contenthidden'><\/div><\/div>\n\n\t\t<\/div> \n\t<\/div> \n\t\t<\/div> \n\t<\/div> \n\t<div class=\"col-md-6 wpb_column vc_column_container\">\n\t\t<div class=\"wpb_wrapper\">\n\t\t\t\n\t<div class=\"wpb_text_column wpb_content_element \">\n\t\t<div class=\"wpb_wrapper\">\n\t\t\t<p>Ensenada<\/p>\n<div id='69e3b4dbb0fb1' class='jrmap ' data-lat='31.8759933' data-lng='-116.6538705' data-zoom='14' data-ratio='0.5' data-showpopup='false' data-title='Mapa de ubicaci\u00f3n'><div class='contenthidden'><\/div><\/div>\n\n\t\t<\/div> \n\t<\/div> \n\t\t<\/div> \n\t<\/div> \n        <\/div>\n    <\/section><section class=\"section  \">\n        <div class=\"row clearfix\">\n            \n\t<div class=\"col-md-12 wpb_column vc_column_container\">\n\t\t<div class=\"wpb_wrapper\">\n\t\t\t\n\t<div class=\"wpb_text_column wpb_content_element \">\n\t\t<div class=\"wpb_wrapper\">\n\t\t\t<p>Mexicali<\/p>\n<div id='69e3b4dbb1221' class='jrmap ' data-lat='32.6553601' data-lng='-115.4087109' data-zoom='14' data-ratio='0.5' data-showpopup='false' data-title='Mapa de ubicaci\u00f3n'><div class='contenthidden'><\/div><\/div>\n\n\t\t<\/div> \n\t<\/div> \n\t\t<\/div> \n\t<\/div> \n        <\/div>\n    <\/section>\n","protected":false},"excerpt":{"rendered":"Contacto Tu nombre (requerido) Tu e-mail (requerido) Asunto Su mensaje VoCETYS Portal Informativo Sitio oficial de noticias del Sistema CETYS Universidad ubicado...","protected":false},"author":5,"featured_media":0,"parent":0,"menu_order":0,"comment_status":"closed","ping_status":"closed","template":"template-landing.php","meta":{"footnotes":""},"class_list":["post-15263","page","type-page","status-publish","hentry"],"_links":{"self":[{"href":"https:\/\/www.cetys.mx\/noticias\/wp-json\/wp\/v2\/pages\/15263","targetHints":{"allow":["GET"]}}],"collection":[{"href":"https:\/\/www.cetys.mx\/noticias\/wp-json\/wp\/v2\/pages"}],"about":[{"href":"https:\/\/www.cetys.mx\/noticias\/wp-json\/wp\/v2\/types\/page"}],"author":[{"embeddable":true,"href":"https:\/\/www.cetys.mx\/noticias\/wp-json\/wp\/v2\/users\/5"}],"replies":[{"embeddable":true,"href":"https:\/\/www.cetys.mx\/noticias\/wp-json\/wp\/v2\/comments?post=15263"}],"version-history":[{"count":0,"href":"https:\/\/www.cetys.mx\/noticias\/wp-json\/wp\/v2\/pages\/15263\/revisions"}],"wp:attachment":[{"href":"https:\/\/www.cetys.mx\/noticias\/wp-json\/wp\/v2\/media?parent=15263"}],"curies":[{"name":"wp","href":"https:\/\/api.w.org\/{rel}","templated":true}]}}