{"id":45,"date":"2021-03-09T09:54:42","date_gmt":"2021-03-09T09:54:42","guid":{"rendered":"http:\/\/cetyscentrodeidiomas.manifestomarketing.mx\/?page_id=45"},"modified":"2024-08-19T09:33:00","modified_gmt":"2024-08-19T16:33:00","slug":"llamada-de-ubicacion-ninos-mexicali","status":"publish","type":"page","link":"https:\/\/www.cetys.mx\/idiomas\/llamada-de-ubicacion-ninos-mexicali\/","title":{"rendered":"Llamada de Ubicaci\u00f3n: Ni\u00f1os \u2013 Mexicali"},"content":{"rendered":"\t\t<div data-elementor-type=\"wp-page\" data-elementor-id=\"45\" class=\"elementor elementor-45\" data-elementor-settings=\"[]\">\n\t\t\t\t\t\t<div class=\"elementor-inner\">\n\t\t\t\t\t\t\t<div class=\"elementor-section-wrap\">\n\t\t\t\t\t\t\t<section class=\"elementor-section elementor-top-section elementor-element elementor-element-7434ce4 elementor-section-boxed elementor-section-height-default elementor-section-height-default\" data-id=\"7434ce4\" data-element_type=\"section\">\n\t\t\t\t\t\t<div class=\"elementor-container elementor-column-gap-default\">\n\t\t\t\t\t\t\t<div class=\"elementor-row\">\n\t\t\t\t\t<div class=\"elementor-column elementor-col-100 elementor-top-column elementor-element elementor-element-f8a8980\" data-id=\"f8a8980\" data-element_type=\"column\">\n\t\t\t<div class=\"elementor-column-wrap elementor-element-populated\">\n\t\t\t\t\t\t\t<div class=\"elementor-widget-wrap\">\n\t\t\t\t\t\t<div class=\"elementor-element elementor-element-1b75ff2 elementor-widget elementor-widget-text-editor\" data-id=\"1b75ff2\" data-element_type=\"widget\" data-widget_type=\"text-editor.default\">\n\t\t\t\t<div class=\"elementor-widget-container\">\n\t\t\t\t\t\t\t\t<div class=\"elementor-text-editor elementor-clearfix\">\n\t\t\t\t<div class=\"form-vtiger-inscripcion formulario-detalles-cont\">\n\n<form id=\"formulatio-contacto-vtiger\" name=\"Ex\u00e1menes de Ubicaci\u00f3n - CETYS Centro de Idiomas\"\n          action=\"https:\/\/www.cetys.mx\/idiomas\/api-crm\/\" method=\"post\"\n          accept-charset=\"utf-8\" enctype=\"multipart\/form-data\">\n\n  <div class=\"form-cont-examen\">\n\n          <input type=\"hidden\" name=\"action\" value=\"registrar-examen\">\n          <input type=\"hidden\" name=\"oportunidad\" value=\"\">\n          <input type=\"hidden\" name=\"cf_potentials_examenelegido\" value=\"Ni\u00f1os\">\n          <input type=\"hidden\" name=\"programa_oportunidad\" value=\"\">\n         <center>\n          <table>\n              <tbody>\n              <tr>\n                  <td>\n                      <label>\n                          Nombre Completo\n                          * <\/label>\n                  <\/td>\n                  <td>\n                      <input type=\"text\" name=\"nombre\" maxlength=\"100\" data-label=\"\" value=\"\" required=\"\" placeholder=\"Nombre Completo\">\n                  <\/td>\n              <\/tr>\n              <tr>\n                  <td>\n                      <label>\n                          E-mail\n                          * <\/label>\n                  <\/td>\n                  <td>\n                      <input type=\"text\" name=\"correo\" maxlength=\"100\" data-label=\"\" value=\"\" required=\"\" placeholder=\"E-mail\">\n                  <\/td>\n              <\/tr>\n              <tr>\n                  <td>\n                      <label>\n                          Tel\u00e9fono\n                          * <\/label>\n                  <\/td>\n                  <td>\n                      <input type=\"text\" name=\"telefono\" maxlength=\"50\" data-label=\"\" value=\"\" required=\"\" placeholder=\"Tel\u00e9fono\">\n                  <\/td>\n              <\/tr>\n              <tr style=\"display: none;\">\n                  <td>\n                      <label>\n                          Fecha de Examen\n                          * <\/label>\n                  <\/td>\n                  <td>\n                      <input id=\"fechadeexamen\" type=\"hidden\" name=\"llamada_fecha\" value=\"\" required=\"\">\n                  <\/td>\n              <\/tr>\n              <\/tbody>\n          <\/table>\n         <\/center>\n\n  <\/div>\n  <div class=\"calendario-cont-examen\">\n    <div class=\"mes-cont\">\n      <div class=\"mes-datos\">\n        Abril 2026      <\/div>\n      <div class=\"nombre-dias-cont\">\n        <div class=\"nombre-dia\">D<\/div>\n        <div class=\"nombre-dia\">L<\/div>\n        <div class=\"nombre-dia\">M<\/div>\n        <div class=\"nombre-dia\">M<\/div>\n        <div class=\"nombre-dia\">J<\/div>\n        <div class=\"nombre-dia\">V<\/div>\n        <div class=\"nombre-dia\">S<\/div>\n      <\/div>\n      <div class=\"lista-dias-cont\">\n        <div class=\"dia-cont inactive\"><span>29<\/span><\/div><div class=\"dia-cont inactive\"><span>30<\/span><\/div><div class=\"dia-cont inactive\"><span>31<\/span><\/div><div class=\"dia-cont inactive\"><span>1<\/span><\/div><div class=\"dia-cont inactive\"><span>2<\/span><\/div><div class=\"dia-cont inactive\"><span>3<\/span><\/div><div class=\"dia-cont inactive\"><span>4<\/span><\/div><div class=\"dia-cont inactive\"><span>5<\/span><\/div><div class=\"dia-cont inactive\"><span>6<\/span><\/div><div class=\"dia-cont inactive\"><span>7<\/span><\/div><div class=\"dia-cont inactive\"><span>8<\/span><\/div><div class=\"dia-cont inactive\"><span>9<\/span><\/div><div class=\"dia-cont inactive\"><span>10<\/span><\/div><div class=\"dia-cont inactive\"><span>11<\/span><\/div><div class=\"dia-cont inactive\"><span>12<\/span><\/div><div class=\"dia-cont inactive\"><span>13<\/span><\/div><div class=\"dia-cont inactive\"><span>14<\/span><\/div><div class=\"dia-cont inactive\"><span>15<\/span><\/div><div class=\"dia-cont avail\" rel=\"2026-04-16\" ><span>16<\/span><\/div><div class=\"dia-cont avail\" rel=\"2026-04-17\" ><span>17<\/span><\/div><div class=\"dia-cont inactive\"><span>18<\/span><\/div><div class=\"dia-cont inactive\"><span>19<\/span><\/div><div class=\"dia-cont inactive\"><span>20<\/span><\/div><div class=\"dia-cont inactive\"><span>21<\/span><\/div><div class=\"dia-cont inactive\"><span>22<\/span><\/div><div class=\"dia-cont inactive\"><span>23<\/span><\/div><div class=\"dia-cont inactive\"><span>24<\/span><\/div><div class=\"dia-cont inactive\"><span>25<\/span><\/div><div class=\"dia-cont inactive\"><span>26<\/span><\/div><div class=\"dia-cont inactive\"><span>27<\/span><\/div><div class=\"dia-cont inactive\"><span>28<\/span><\/div><div class=\"dia-cont inactive\"><span>29<\/span><\/div><div class=\"dia-cont inactive\"><span>30<\/span><\/div>      <\/div>\n    <\/div>\n\n        \n  <\/div>\n\n  <tr>\n        <td>\n            <label>\n                Horario\n                * <\/label>\n        <\/td>\n        <td>\n            <select name=\"llamada_hora\">\n                <option>Hora de Aplicaci\u00f3n<\/option>\n                <option>8am a 12pm<\/option>\n                <option>3pm a 7:30pm<\/option>\n            <\/select>\n        <\/td>\n    <\/tr>\n\n    <a href=\"#\" id=\"enviar\" class=\"btn-detalles btn-envia\">AGENDAR<\/a>\n\n<\/form>\n    <\/div>\n    <div class=\"formulario-resultado-cont\" style=\"display: none;\">\n        <\/p><p>\u00a1Gracias por agendar tu Llamada de Ubicaci\u00f3n!<\/p><p>Nuestra coordinadora acad\u00e9mica Diana Gil se pondr\u00e1 en contacto contigo ya sea al tel\u00e9fono o correo electr\u00f3nico que nos proporcionaste en el d\u00eda y horario que seleccionaste.<br \/>\u00a1Por favor mantente al pendiente!<\/p><p>Atte. CETYS Centro de Idiomas<br \/>(686) 567 37 10 y 55<br \/><a href=\"mailto:idiomas@cetys.mx\">idiomas@cetys.mx<\/a><\/p><p>    <\/div>\n\n    <div class=\"formulario-resultado-cont-error\" style=\"display: none;\">\n        <p>Ha ocurrido un error al enviar tu informaci\u00f3n, vuelve a intentarlo mas tarde<\/p>\n    <\/div>\n\n\n  <script type=\"text\/javascript\">\n    jQuery(document).ready(function( $ ) {\n        $('#enviar').click(function(){ \n\n          var datastring = $(\"#formulatio-contacto-vtiger\").serialize();\n          $.ajax({\n              type: \"POST\",\n              url: \"https:\/\/www.cetys.mx\/idiomas\/api-crm\/\",\n              data: datastring,\n              dataType: \"json\",\n              complete: function(data) {\n                $('.form-vtiger-inscripcion').css(\"display\",'none');\n                $('.formulario-resultado-cont').fadeIn();\n              }\n          });\n\n        });\n    });\n  <\/script>\n\n\n\n  <style type=\"text\/css\">\n\n    .mes-cont\n    {\n      width: 525px;\n      float: left;\n      margin-left: 15px;\n      margin-right: 15px;\n      margin-bottom: 20px;\n    }\n\n    .mes-datos{\n      font-weight: bold;\n      text-align: center;\n    }\n    .nombre-dia{\n      font-weight: bold;\n      text-align: center;\n      width: 75px;\n      float: left;\n    }\n\n    .dia-cont{\n      width: 75px;\n      height: 75px;\n      border: 1px solid #d8d8d8;\n      float: left;\n      text-align: center;\n      padding-top: 20px;\n    }\n\n    .inactive{\n      color: #d8d8d8;\n    }\n\n    .dia-cont span{\n        padding: 10px;\n        height: 40px;\n        width: 40px;\n        border-radius: 50%;\n        display: inline-block;\n\n    }\n\n    .dia-cont.avail{\n        cursor: pointer;\n    }\n\n    .dia-cont.avail:hover span{\n      background-color: #bbb;\n    }\n\n    .diasele span\n    {\n        background-color: #FFD000;\n    }\n\n    .diasele:hover span\n    {\n        background-color: #FFD000 !important;\n    }\n\n\n\n    .formulario-detalles-cont{\n\n    }\n\n    .formulario-detalles-cont label{\n        display: none;\n    }\n\n    .formulario-detalles-cont input{\n        width: 100%;\n        border: 1px solid #e2e2e2;\n        margin-bottom: 10px;\n        padding: 10px;\n    }\n\n\n    .formulario-detalles-cont select{\n        width: 100%;\n        padding: 5px;\n        margin-bottom: 5px;\n        border: 1px solid #e2e2e2;\n    }\n\n    .formulario-detalles-cont input[name=\"potentialname\"]{\n        display: none;\n    }\n\n    .formulario-detalles-cont #enviar{\n        text-transform: uppercase;\n    }\n\n    .formulario-detalles-cont input[type=\"checkbox\"]{\n        width: auto;\n    }\n\n    .formulario-detalles-cont #enviar{\n        display: block;\n        color: #FFF;\n        background-color: #ffc81f;\n        padding: 10px;\n        text-align: center;\n        text-transform: capitalize;\n        font-weight: bold;\n        font-size: 16px;\n        border: 0px;\n        width: 100%;\n    }\n\n    .calendario-cont-examen{\n      margin-top: 10px;\n      margin-bottom: 10px;\n      width: min-content;\n      margin-left: auto;\n      margin-right: auto;\n    }\n\n\n    @media only screen and (max-width : 1200px) {\n\n    }\n\n    @media only screen and (max-width : 979px) {\n\n    }\n\n    @media only screen and (max-width : 767px) {\n\n    }\n\n    @media only screen and (max-width : 480px) {\n      .calendario-cont-examen \n      {\n        width: 100%;\n      }\n\n      .mes-cont\n      {\n        width: 100%;\n        margin-left: 5px;\n        margin-right: 5px;\n      }\n\n      .nombre-dia{\n        width: 14%;\n      }\n\n      .dia-cont\n      {\n        width: 14%;\n        height: 9vh;\n        padding-top: 10px;\n      }\n    }\n\n    @media only screen and (max-width : 320px) {\n\n    }\n\n\n\n    \n\n\n  <\/style>\n\n    <script>\n        (function($) {\n\n            $('.lista-dias-cont .avail').click(function(){\n                $('.lista-dias-cont .avail').removeClass('diasele');\n                $(this).addClass('diasele');\n                var fechasel = $(this).attr('rel');\n\n                $('#fechadeexamen').val(fechasel);\n            });\n\n\n\n        })(jQuery);\n    <\/script>\n\n\n\n\t\t\t\t\t<\/div>\n\t\t\t\t\t\t<\/div>\n\t\t\t\t<\/div>\n\t\t\t\t\t\t<\/div>\n\t\t\t\t\t<\/div>\n\t\t<\/div>\n\t\t\t\t\t\t\t\t<\/div>\n\t\t\t\t\t<\/div>\n\t\t<\/section>\n\t\t\t\t\t\t<\/div>\n\t\t\t\t\t\t<\/div>\n\t\t\t\t\t<\/div>\n\t\t","protected":false},"excerpt":{"rendered":"","protected":false},"author":1,"featured_media":0,"parent":0,"menu_order":0,"comment_status":"closed","ping_status":"closed","template":"","meta":[],"categories":[],"tags":[8],"acf":[],"_links":{"self":[{"href":"https:\/\/www.cetys.mx\/idiomas\/wp-json\/wp\/v2\/pages\/45"}],"collection":[{"href":"https:\/\/www.cetys.mx\/idiomas\/wp-json\/wp\/v2\/pages"}],"about":[{"href":"https:\/\/www.cetys.mx\/idiomas\/wp-json\/wp\/v2\/types\/page"}],"author":[{"embeddable":true,"href":"https:\/\/www.cetys.mx\/idiomas\/wp-json\/wp\/v2\/users\/1"}],"replies":[{"embeddable":true,"href":"https:\/\/www.cetys.mx\/idiomas\/wp-json\/wp\/v2\/comments?post=45"}],"version-history":[{"count":29,"href":"https:\/\/www.cetys.mx\/idiomas\/wp-json\/wp\/v2\/pages\/45\/revisions"}],"predecessor-version":[{"id":40277,"href":"https:\/\/www.cetys.mx\/idiomas\/wp-json\/wp\/v2\/pages\/45\/revisions\/40277"}],"wp:attachment":[{"href":"https:\/\/www.cetys.mx\/idiomas\/wp-json\/wp\/v2\/media?parent=45"}],"wp:term":[{"taxonomy":"category","embeddable":true,"href":"https:\/\/www.cetys.mx\/idiomas\/wp-json\/wp\/v2\/categories?post=45"},{"taxonomy":"post_tag","embeddable":true,"href":"https:\/\/www.cetys.mx\/idiomas\/wp-json\/wp\/v2\/tags?post=45"}],"curies":[{"name":"wp","href":"https:\/\/api.w.org\/{rel}","templated":true}]}}