{"id":3852,"date":"2021-06-08T17:38:19","date_gmt":"2021-06-09T00:38:19","guid":{"rendered":"https:\/\/www.cetys.mx\/idiomas\/?page_id=3852"},"modified":"2026-03-12T16:20:36","modified_gmt":"2026-03-12T23:20:36","slug":"programas-para-empresas-tijuana","status":"publish","type":"page","link":"https:\/\/www.cetys.mx\/idiomas\/programas-para-empresas-tijuana\/","title":{"rendered":"Programas para Empresas &#8211; Tijuana"},"content":{"rendered":"\t\t<div data-elementor-type=\"wp-page\" data-elementor-id=\"3852\" class=\"elementor elementor-3852\" data-elementor-settings=\"[]\">\n\t\t\t\t\t\t<div class=\"elementor-inner\">\n\t\t\t\t\t\t\t<div class=\"elementor-section-wrap\">\n\t\t\t\t\t\t\t<nav class=\"elementor-section elementor-top-section elementor-element elementor-element-2fbf46e elementor-section-height-min-height elementor-section-items-bottom elementor-section-full_width elementor-section-content-bottom elementor-section-height-default\" data-id=\"2fbf46e\" data-element_type=\"section\" data-settings=\"{&quot;background_background&quot;:&quot;classic&quot;}\">\n\t\t\t\t\t\t\t<div class=\"elementor-background-overlay\"><\/div>\n\t\t\t\t\t\t\t<div class=\"elementor-container elementor-column-gap-custom\">\n\t\t\t\t\t\t\t<div class=\"elementor-row\">\n\t\t\t\t\t<div class=\"elementor-column elementor-col-100 elementor-top-column elementor-element elementor-element-fa784cc\" data-id=\"fa784cc\" data-element_type=\"column\" data-settings=\"{&quot;animation&quot;:&quot;none&quot;}\">\n\t\t\t<div class=\"elementor-column-wrap elementor-element-populated\">\n\t\t\t\t\t\t\t<div class=\"elementor-widget-wrap\">\n\t\t\t\t\t\t<div class=\"elementor-element elementor-element-e4f3d86 elementor-invisible elementor-widget elementor-widget-text-editor\" data-id=\"e4f3d86\" data-element_type=\"widget\" data-settings=\"{&quot;_animation&quot;:&quot;fadeInLeft&quot;}\" data-widget_type=\"text-editor.default\">\n\t\t\t\t<div class=\"elementor-widget-container\">\n\t\t\t\t\t\t\t\t<div class=\"elementor-text-editor elementor-clearfix\">\n\t\t\t\t<h2><span dir=\"auto\" style=\"vertical-align: inherit;\"><span dir=\"auto\" style=\"vertical-align: inherit;\">campus tijuana<\/span><\/span><\/h2>\t\t\t\t\t<\/div>\n\t\t\t\t\t\t<\/div>\n\t\t\t\t<\/div>\n\t\t\t\t<div class=\"elementor-element elementor-element-f84ea5c elementor-invisible elementor-widget elementor-widget-heading\" data-id=\"f84ea5c\" data-element_type=\"widget\" data-settings=\"{&quot;_animation&quot;:&quot;fadeInUp&quot;,&quot;_animation_delay&quot;:1000}\" data-widget_type=\"heading.default\">\n\t\t\t\t<div class=\"elementor-widget-container\">\n\t\t\t<h2 class=\"elementor-heading-title elementor-size-default\"><font dir=\"auto\" style=\"vertical-align: inherit;\"><font dir=\"auto\" style=\"vertical-align: inherit;\"><font dir=\"auto\" style=\"vertical-align: inherit;\"><font dir=\"auto\" style=\"vertical-align: inherit;\">Habla ingl\u00e9s con la autoridad de un l\u00edder global<\/font><\/font><\/font><\/font><font dir=\"auto\" style=\"vertical-align: inherit;\"><font dir=\"auto\" style=\"vertical-align: inherit;\">.<\/font><\/font><font dir=\"auto\" style=\"vertical-align: inherit;\"><font dir=\"auto\" style=\"vertical-align: inherit;\"><font dir=\"auto\" style=\"vertical-align: inherit;\"><\/font><\/font><\/font><font dir=\"auto\" style=\"vertical-align: inherit;\"><\/font><\/h2>\t\t<\/div>\n\t\t\t\t<\/div>\n\t\t\t\t\t\t<\/div>\n\t\t\t\t\t<\/div>\n\t\t<\/div>\n\t\t\t\t\t\t\t\t<\/div>\n\t\t\t\t\t<\/div>\n\t\t<\/nav>\n\t\t\t\t<section class=\"elementor-section elementor-top-section elementor-element elementor-element-30e3494 elementor-section-full_width elementor-section-height-default elementor-section-height-default\" data-id=\"30e3494\" data-element_type=\"section\">\n\t\t\t\t\t\t<div class=\"elementor-container elementor-column-gap-default\">\n\t\t\t\t\t\t\t<div class=\"elementor-row\">\n\t\t\t\t\t<div class=\"elementor-column elementor-col-100 elementor-top-column elementor-element elementor-element-8f06f7f\" data-id=\"8f06f7f\" data-element_type=\"column\">\n\t\t\t<div class=\"elementor-column-wrap elementor-element-populated\">\n\t\t\t\t\t\t\t<div class=\"elementor-widget-wrap\">\n\t\t\t\t\t\t<div class=\"elementor-element elementor-element-528307e elementor-widget elementor-widget-heading\" data-id=\"528307e\" data-element_type=\"widget\" data-widget_type=\"heading.default\">\n\t\t\t\t<div class=\"elementor-widget-container\">\n\t\t\t<h2 class=\"elementor-heading-title elementor-size-default\">One on One\n<\/h2>\t\t<\/div>\n\t\t\t\t<\/div>\n\t\t\t\t<div class=\"elementor-element elementor-element-35b90b1 elementor-widget elementor-widget-heading\" data-id=\"35b90b1\" data-element_type=\"widget\" data-widget_type=\"heading.default\">\n\t\t\t\t<div class=\"elementor-widget-container\">\n\t\t\t<div class=\"elementor-heading-title elementor-size-default\">Ingl\u00e9s aplicado a las situaciones clave de tu d\u00eda a d\u00eda <\/div>\t\t<\/div>\n\t\t\t\t<\/div>\n\t\t\t\t<div class=\"elementor-element elementor-element-60cfa2c elementor-widget elementor-widget-spacer\" data-id=\"60cfa2c\" data-element_type=\"widget\" data-widget_type=\"spacer.default\">\n\t\t\t\t<div class=\"elementor-widget-container\">\n\t\t\t\t\t<div class=\"elementor-spacer\">\n\t\t\t<div class=\"elementor-spacer-inner\"><\/div>\n\t\t<\/div>\n\t\t\t\t<\/div>\n\t\t\t\t<\/div>\n\t\t\t\t<div class=\"elementor-element elementor-element-3645e07 elementor-widget elementor-widget-spacer\" data-id=\"3645e07\" data-element_type=\"widget\" data-widget_type=\"spacer.default\">\n\t\t\t\t<div class=\"elementor-widget-container\">\n\t\t\t\t\t<div class=\"elementor-spacer\">\n\t\t\t<div class=\"elementor-spacer-inner\"><\/div>\n\t\t<\/div>\n\t\t\t\t<\/div>\n\t\t\t\t<\/div>\n\t\t\t\t<div class=\"elementor-element elementor-element-a6640fa elementor-position-left elementor-vertical-align-top elementor-widget elementor-widget-image-box\" data-id=\"a6640fa\" data-element_type=\"widget\" data-widget_type=\"image-box.default\">\n\t\t\t\t<div class=\"elementor-widget-container\">\n\t\t\t<div class=\"elementor-image-box-wrapper\"><figure class=\"elementor-image-box-img\"><img decoding=\"async\" width=\"768\" height=\"512\" src=\"https:\/\/www.cetys.mx\/idiomas\/wp-content\/uploads\/2023\/05\/ingles-interactivo-eroom-768x512.jpg\" class=\"elementor-animation-push attachment-medium_large size-medium_large\" alt=\"\" loading=\"lazy\" \/><\/figure><div class=\"elementor-image-box-content\"><h4 class=\"elementor-image-box-title\"><font dir=\"auto\" style=\"vertical-align: inherit;\"><font dir=\"auto\" style=\"vertical-align: inherit;\">Objetivo del programa<\/font><\/font><\/h4><p class=\"elementor-image-box-description\"><br><span style=\"color: rgb(0, 0, 0); font-family: Lato, sans-serif; font-size: 19px; text-align: justify; white-space-collapse: collapse;\"><font dir=\"auto\" style=\"vertical-align: inherit;\"><font dir=\"auto\" style=\"vertical-align: inherit;\"><i>One-on-One<\/i>  es un programa de ingl\u00e9s personalizado, dise\u00f1ado para l\u00edderes que requieren resultados puntuales. La formaci\u00f3n se adapta a sus necesidades y metas laborales, fortaleciendo su capacidad para comunicarse con claridad y profesionalismo en presentaciones, correos, reuniones y negociaciones, con un enfoque directo en el desarrollo de habilidades ling\u00fc\u00edsticas aplicadas a su entorno profesional.\n\n\n\n  <\/font><\/font><\/span><br><br><\/p><\/div><\/div>\t\t<\/div>\n\t\t\t\t<\/div>\n\t\t\t\t<div class=\"elementor-element elementor-element-0fc9362 elementor-widget elementor-widget-text-editor\" data-id=\"0fc9362\" data-element_type=\"widget\" data-widget_type=\"text-editor.default\">\n\t\t\t\t<div class=\"elementor-widget-container\">\n\t\t\t\t\t\t\t\t<div class=\"elementor-text-editor elementor-clearfix\">\n\t\t\t\t\t\t\t\t\t<\/div>\n\t\t\t\t\t\t<\/div>\n\t\t\t\t<\/div>\n\t\t\t\t<div class=\"elementor-element elementor-element-6bf22ce elementor-position-left elementor-vertical-align-top elementor-widget elementor-widget-image-box\" data-id=\"6bf22ce\" data-element_type=\"widget\" data-widget_type=\"image-box.default\">\n\t\t\t\t<div class=\"elementor-widget-container\">\n\t\t\t<div class=\"elementor-image-box-wrapper\"><figure class=\"elementor-image-box-img\"><img decoding=\"async\" width=\"480\" height=\"270\" src=\"https:\/\/www.cetys.mx\/idiomas\/wp-content\/uploads\/2021\/03\/english_for_sales.jpg\" class=\"elementor-animation-push attachment-medium_large size-medium_large\" alt=\"\" loading=\"lazy\" \/><\/figure><div class=\"elementor-image-box-content\"><h4 class=\"elementor-image-box-title\">Desarrollar\u00e1s habilidades alineadas a tus objetivos, fortaleciendo tu comunicaci\u00f3n y desempe\u00f1o en contextos reales de negocio.<\/h4><p class=\"elementor-image-box-description\"><ul data-start=\"1102\" data-end=\"1418\" style=\"font-size: 19px; background-color: rgb(255, 255, 255); color: rgb(0, 0, 0); font-family: Lato, sans-serif; text-align: start; white-space-collapse: collapse;\"><li data-start=\"1102\" data-end=\"1180\" style=\"font-size: 19px;\"><p data-start=\"1104\" data-end=\"1180\"><span data-start=\"1104\" data-end=\"1128\" style=\"font-weight: bolder;\"><span dir=\"auto\" style=\"vertical-align: inherit;\">Negocios y Empresas:<\/span><\/span><span dir=\"auto\" style=\"vertical-align: inherit;\">&nbsp;organizaci\u00f3n, producci\u00f3n, mercadotecnia, finanzas<\/span><\/p><\/li><li data-start=\"1181\" data-end=\"1262\" style=\"font-size: 19px;\"><p data-start=\"1183\" data-end=\"1262\"><span data-start=\"1183\" data-end=\"1212\" style=\"font-weight: bolder;\"><span dir=\"auto\" style=\"vertical-align: inherit;\">Comunicaci\u00f3n Profesional:<\/span><\/span><span dir=\"auto\" style=\"vertical-align: inherit;\">&nbsp;presentaciones, llamadas, juntas, negociaciones.<\/span><\/p><\/li><li data-start=\"1263\" data-end=\"1338\" style=\"font-size: 19px;\"><p data-start=\"1265\" data-end=\"1338\"><span data-start=\"1265\" data-end=\"1289\" style=\"font-weight: bolder;\"><span dir=\"auto\" style=\"vertical-align: inherit;\">Escritura Ejecutiva:<\/span><\/span><span dir=\"auto\" style=\"vertical-align: inherit;\">&nbsp;correos formales, informes, textos persuasivos<\/span><\/p><\/li><li data-start=\"1339\" data-end=\"1418\" style=\"font-size: 19px;\"><p data-start=\"1341\" data-end=\"1418\"><span data-start=\"1341\" data-end=\"1374\" style=\"font-weight: bolder;\"><span dir=\"auto\" style=\"vertical-align: inherit;\">Conversaci\u00f3n Contextualizada:<\/span><\/span><span dir=\"auto\" style=\"vertical-align: inherit;\">&nbsp;temas de actualidad y vocabulario t\u00e9cnico<\/span><\/p><\/li><\/ul>\n\n\n\n\n\n<\/p><\/div><\/div>\t\t<\/div>\n\t\t\t\t<\/div>\n\t\t\t\t<div class=\"elementor-element elementor-element-5bc2b33 elementor-widget elementor-widget-spacer\" data-id=\"5bc2b33\" data-element_type=\"widget\" data-widget_type=\"spacer.default\">\n\t\t\t\t<div class=\"elementor-widget-container\">\n\t\t\t\t\t<div class=\"elementor-spacer\">\n\t\t\t<div class=\"elementor-spacer-inner\"><\/div>\n\t\t<\/div>\n\t\t\t\t<\/div>\n\t\t\t\t<\/div>\n\t\t\t\t<div class=\"elementor-element elementor-element-fe526d5 elementor-widget-divider--view-line elementor-widget elementor-widget-divider\" data-id=\"fe526d5\" data-element_type=\"widget\" data-widget_type=\"divider.default\">\n\t\t\t\t<div class=\"elementor-widget-container\">\n\t\t\t\t\t<div class=\"elementor-divider\">\n\t\t\t<span class=\"elementor-divider-separator\">\n\t\t\t\t\t\t<\/span>\n\t\t<\/div>\n\t\t\t\t<\/div>\n\t\t\t\t<\/div>\n\t\t\t\t<div class=\"elementor-element elementor-element-f98f791 elementor-widget elementor-widget-image-gallery\" data-id=\"f98f791\" data-element_type=\"widget\" data-widget_type=\"image-gallery.default\">\n\t\t\t\t<div class=\"elementor-widget-container\">\n\t\t\t\t\t<div class=\"elementor-image-gallery\">\n\t\t\t<div id='gallery-1' class='gallery galleryid-3852 gallery-columns-3 gallery-size-1536x1536'><figure class='gallery-item'>\n\t\t\t<div class='gallery-icon landscape'>\n\t\t\t\t<a data-elementor-open-lightbox=\"yes\" data-elementor-lightbox-slideshow=\"f98f791\" data-elementor-lightbox-title=\"acompanamiento_personalizado_1_1\" href='https:\/\/www.cetys.mx\/idiomas\/wp-content\/uploads\/2026\/02\/acompanamiento_personalizado_1_1.png'><img width=\"1536\" height=\"1025\" src=\"https:\/\/www.cetys.mx\/idiomas\/wp-content\/uploads\/2026\/02\/acompanamiento_personalizado_1_1-1536x1025.png\" class=\"attachment-1536x1536 size-1536x1536\" alt=\"\" decoding=\"async\" loading=\"lazy\" srcset=\"https:\/\/www.cetys.mx\/idiomas\/wp-content\/uploads\/2026\/02\/acompanamiento_personalizado_1_1-1536x1025.png 1536w, https:\/\/www.cetys.mx\/idiomas\/wp-content\/uploads\/2026\/02\/acompanamiento_personalizado_1_1-300x200.png 300w, https:\/\/www.cetys.mx\/idiomas\/wp-content\/uploads\/2026\/02\/acompanamiento_personalizado_1_1-1024x683.png 1024w, https:\/\/www.cetys.mx\/idiomas\/wp-content\/uploads\/2026\/02\/acompanamiento_personalizado_1_1-768x512.png 768w, https:\/\/www.cetys.mx\/idiomas\/wp-content\/uploads\/2026\/02\/acompanamiento_personalizado_1_1.png 1539w\" sizes=\"(max-width: 1536px) 100vw, 1536px\" \/><\/a>\n\t\t\t<\/div><\/figure><figure class='gallery-item'>\n\t\t\t<div class='gallery-icon landscape'>\n\t\t\t\t<a data-elementor-open-lightbox=\"yes\" data-elementor-lightbox-slideshow=\"f98f791\" data-elementor-lightbox-title=\"diagnostico_inicial_ejecutivo\" href='https:\/\/www.cetys.mx\/idiomas\/wp-content\/uploads\/2026\/02\/diagnostico_inicial_ejecutivo.png'><img width=\"1536\" height=\"1025\" src=\"https:\/\/www.cetys.mx\/idiomas\/wp-content\/uploads\/2026\/02\/diagnostico_inicial_ejecutivo-1536x1025.png\" class=\"attachment-1536x1536 size-1536x1536\" alt=\"\" decoding=\"async\" loading=\"lazy\" srcset=\"https:\/\/www.cetys.mx\/idiomas\/wp-content\/uploads\/2026\/02\/diagnostico_inicial_ejecutivo-1536x1025.png 1536w, https:\/\/www.cetys.mx\/idiomas\/wp-content\/uploads\/2026\/02\/diagnostico_inicial_ejecutivo-300x200.png 300w, https:\/\/www.cetys.mx\/idiomas\/wp-content\/uploads\/2026\/02\/diagnostico_inicial_ejecutivo-1024x683.png 1024w, https:\/\/www.cetys.mx\/idiomas\/wp-content\/uploads\/2026\/02\/diagnostico_inicial_ejecutivo-768x512.png 768w, https:\/\/www.cetys.mx\/idiomas\/wp-content\/uploads\/2026\/02\/diagnostico_inicial_ejecutivo.png 1539w\" sizes=\"(max-width: 1536px) 100vw, 1536px\" \/><\/a>\n\t\t\t<\/div><\/figure><figure class='gallery-item'>\n\t\t\t<div class='gallery-icon landscape'>\n\t\t\t\t<a data-elementor-open-lightbox=\"yes\" data-elementor-lightbox-slideshow=\"f98f791\" data-elementor-lightbox-title=\"pilares_programa_ejecutivo\" href='https:\/\/www.cetys.mx\/idiomas\/wp-content\/uploads\/2026\/02\/pilares_programa_ejecutivo.png'><img width=\"1536\" height=\"1025\" src=\"https:\/\/www.cetys.mx\/idiomas\/wp-content\/uploads\/2026\/02\/pilares_programa_ejecutivo-1536x1025.png\" class=\"attachment-1536x1536 size-1536x1536\" alt=\"\" decoding=\"async\" loading=\"lazy\" srcset=\"https:\/\/www.cetys.mx\/idiomas\/wp-content\/uploads\/2026\/02\/pilares_programa_ejecutivo-1536x1025.png 1536w, https:\/\/www.cetys.mx\/idiomas\/wp-content\/uploads\/2026\/02\/pilares_programa_ejecutivo-300x200.png 300w, https:\/\/www.cetys.mx\/idiomas\/wp-content\/uploads\/2026\/02\/pilares_programa_ejecutivo-1024x683.png 1024w, https:\/\/www.cetys.mx\/idiomas\/wp-content\/uploads\/2026\/02\/pilares_programa_ejecutivo-768x512.png 768w, https:\/\/www.cetys.mx\/idiomas\/wp-content\/uploads\/2026\/02\/pilares_programa_ejecutivo.png 1539w\" sizes=\"(max-width: 1536px) 100vw, 1536px\" \/><\/a>\n\t\t\t<\/div><\/figure>\n\t\t<\/div>\n\t\t<\/div>\n\t\t\t\t<\/div>\n\t\t\t\t<\/div>\n\t\t\t\t<div class=\"elementor-element elementor-element-aa6f62c elementor-widget-divider--view-line elementor-widget elementor-widget-divider\" data-id=\"aa6f62c\" data-element_type=\"widget\" data-widget_type=\"divider.default\">\n\t\t\t\t<div class=\"elementor-widget-container\">\n\t\t\t\t\t<div class=\"elementor-divider\">\n\t\t\t<span class=\"elementor-divider-separator\">\n\t\t\t\t\t\t<\/span>\n\t\t<\/div>\n\t\t\t\t<\/div>\n\t\t\t\t<\/div>\n\t\t\t\t<div class=\"elementor-element elementor-element-1de2ff4 elementor-widget elementor-widget-spacer\" data-id=\"1de2ff4\" data-element_type=\"widget\" data-widget_type=\"spacer.default\">\n\t\t\t\t<div class=\"elementor-widget-container\">\n\t\t\t\t\t<div class=\"elementor-spacer\">\n\t\t\t<div class=\"elementor-spacer-inner\"><\/div>\n\t\t<\/div>\n\t\t\t\t<\/div>\n\t\t\t\t<\/div>\n\t\t\t\t<div class=\"elementor-element elementor-element-f5ef624 elementor-widget elementor-widget-heading\" data-id=\"f5ef624\" data-element_type=\"widget\" data-widget_type=\"heading.default\">\n\t\t\t\t<div class=\"elementor-widget-container\">\n\t\t\t<h2 class=\"elementor-heading-title elementor-size-default\">Corporate Program<\/h2>\t\t<\/div>\n\t\t\t\t<\/div>\n\t\t\t\t<div class=\"elementor-element elementor-element-3085647 elementor-widget elementor-widget-heading\" data-id=\"3085647\" data-element_type=\"widget\" data-widget_type=\"heading.default\">\n\t\t\t\t<div class=\"elementor-widget-container\">\n\t\t\t<div class=\"elementor-heading-title elementor-size-default\">Instrucci\u00f3n de un idioma dentro de tus instalaciones<br> <\/div>\t\t<\/div>\n\t\t\t\t<\/div>\n\t\t\t\t<div class=\"elementor-element elementor-element-ce15dcf elementor-widget elementor-widget-spacer\" data-id=\"ce15dcf\" data-element_type=\"widget\" data-widget_type=\"spacer.default\">\n\t\t\t\t<div class=\"elementor-widget-container\">\n\t\t\t\t\t<div class=\"elementor-spacer\">\n\t\t\t<div class=\"elementor-spacer-inner\"><\/div>\n\t\t<\/div>\n\t\t\t\t<\/div>\n\t\t\t\t<\/div>\n\t\t\t\t<div class=\"elementor-element elementor-element-088294b elementor-position-left elementor-vertical-align-top elementor-widget elementor-widget-image-box\" data-id=\"088294b\" data-element_type=\"widget\" data-widget_type=\"image-box.default\">\n\t\t\t\t<div class=\"elementor-widget-container\">\n\t\t\t<div class=\"elementor-image-box-wrapper\"><figure class=\"elementor-image-box-img\"><img decoding=\"async\" width=\"768\" height=\"512\" src=\"https:\/\/www.cetys.mx\/idiomas\/wp-content\/uploads\/2022\/05\/Business-English-768x512.jpg\" class=\"elementor-animation-push attachment-medium_large size-medium_large\" alt=\"\" loading=\"lazy\" \/><\/figure><div class=\"elementor-image-box-content\"><h4 class=\"elementor-image-box-title\">Perfil del programa<\/h4><p class=\"elementor-image-box-description\"><br><span style=\"text-align: justify;\"><font dir=\"auto\" style=\"vertical-align: inherit;\"><font dir=\"auto\" style=\"vertical-align: inherit;\"><font color=\"#000000\" face=\"Lato, sans-serif\"><span style=\"font-size: 19px; white-space-collapse: collapse;\">Desarrollar las habilidades comunicativas de los colaboradores para mejorar su desempe\u00f1o en situaciones laborales reales: atenci\u00f3n a clientes, redacci\u00f3n profesional, participaci\u00f3n en reuniones, presentaciones y m\u00e1s. El contenido se adapta a las necesidades de la empresa, con un enfoque comunicativo y pr\u00e1ctico. Todas las sesiones promueven el desarrollo de las 4 habilidades del idioma (hablar, escuchar, leer y escribir), con un enfoque centrado en el alumno                                    .&nbsp;<\/span><\/font><\/font><\/font><\/span><br><br><\/p><\/div><\/div>\t\t<\/div>\n\t\t\t\t<\/div>\n\t\t\t\t<div class=\"elementor-element elementor-element-b9e92cd elementor-position-left elementor-vertical-align-top elementor-widget elementor-widget-image-box\" data-id=\"b9e92cd\" data-element_type=\"widget\" data-widget_type=\"image-box.default\">\n\t\t\t\t<div class=\"elementor-widget-container\">\n\t\t\t<div class=\"elementor-image-box-wrapper\"><figure class=\"elementor-image-box-img\"><img decoding=\"async\" width=\"768\" height=\"512\" src=\"https:\/\/www.cetys.mx\/idiomas\/wp-content\/uploads\/2025\/06\/2149346666-1-768x512.jpg\" class=\"elementor-animation-push attachment-medium_large size-medium_large\" alt=\"\" loading=\"lazy\" \/><\/figure><div class=\"elementor-image-box-content\"><h4 class=\"elementor-image-box-title\"><font dir=\"auto\" style=\"vertical-align: inherit;\"><font dir=\"auto\" style=\"vertical-align: inherit;\">Objetivo del programa<\/font><\/font><\/h4><p class=\"elementor-image-box-description\"><br><span style=\"color: rgb(0, 0, 0); font-family: Lato, sans-serif; font-size: 19px; text-align: justify; white-space-collapse: collapse;\"><font dir=\"auto\" style=\"vertical-align: inherit;\"><font dir=\"auto\" style=\"vertical-align: inherit;\"><i><\/i>  Nuestro programa de ingl\u00e9s Corporate est\u00e1 dise\u00f1ados para que tus colaboradores desarrollen habilidades comunicativas reales en su propio entorno de trabajo. Adaptamos contenidos, horarios y metodolog\u00edas a las necesidades de tu empresa para maximizar el impacto en el d\u00eda a d\u00eda .&nbsp; &nbsp; &nbsp; &nbsp;<\/font><\/font><\/span><br><br>\n<div><br><\/div><\/p><\/div><\/div>\t\t<\/div>\n\t\t\t\t<\/div>\n\t\t\t\t<div class=\"elementor-element elementor-element-6d1556b elementor-widget-divider--view-line elementor-widget elementor-widget-divider\" data-id=\"6d1556b\" data-element_type=\"widget\" data-widget_type=\"divider.default\">\n\t\t\t\t<div class=\"elementor-widget-container\">\n\t\t\t\t\t<div class=\"elementor-divider\">\n\t\t\t<span class=\"elementor-divider-separator\">\n\t\t\t\t\t\t<\/span>\n\t\t<\/div>\n\t\t\t\t<\/div>\n\t\t\t\t<\/div>\n\t\t\t\t<div class=\"elementor-element elementor-element-23f55b1 elementor-align-left elementor-button-info elementor-widget elementor-widget-button\" data-id=\"23f55b1\" data-element_type=\"widget\" data-widget_type=\"button.default\">\n\t\t\t\t<div class=\"elementor-widget-container\">\n\t\t\t\t\t<div class=\"elementor-button-wrapper\">\n\t\t\t<a href=\"https:\/\/form.jotform.com\/Educontij\/programas-ejecutivos\" class=\"elementor-button-link elementor-button elementor-size-xs elementor-animation-shrink\" role=\"button\">\n\t\t\t\t\t\t<span class=\"elementor-button-content-wrapper\">\n\t\t\t\t\t\t<span class=\"elementor-button-icon elementor-align-icon-right\">\n\t\t\t\t<i aria-hidden=\"true\" class=\"fas fa-angle-double-right\"><\/i>\t\t\t<\/span>\n\t\t\t\t\t\t<span class=\"elementor-button-text\">Registro<\/span>\n\t\t<\/span>\n\t\t\t\t\t<\/a>\n\t\t<\/div>\n\t\t\t\t<\/div>\n\t\t\t\t<\/div>\n\t\t\t\t<div class=\"elementor-element elementor-element-e04716b elementor-button-success elementor-widget elementor-widget-button\" data-id=\"e04716b\" data-element_type=\"widget\" data-widget_type=\"button.default\">\n\t\t\t\t<div class=\"elementor-widget-container\">\n\t\t\t\t\t<div class=\"elementor-button-wrapper\">\n\t\t\t<a href=\"https:\/\/wa.me\/526645189424\" class=\"elementor-button-link elementor-button elementor-size-xs\" role=\"button\">\n\t\t\t\t\t\t<span class=\"elementor-button-content-wrapper\">\n\t\t\t\t\t\t<span class=\"elementor-button-icon elementor-align-icon-right\">\n\t\t\t\t<i aria-hidden=\"true\" class=\"fab fa-whatsapp\"><\/i>\t\t\t<\/span>\n\t\t\t\t\t\t<span class=\"elementor-button-text\">WhatsApp<\/span>\n\t\t<\/span>\n\t\t\t\t\t<\/a>\n\t\t<\/div>\n\t\t\t\t<\/div>\n\t\t\t\t<\/div>\n\t\t\t\t<div class=\"elementor-element elementor-element-bf16e83 elementor-widget elementor-widget-spacer\" data-id=\"bf16e83\" data-element_type=\"widget\" data-widget_type=\"spacer.default\">\n\t\t\t\t<div class=\"elementor-widget-container\">\n\t\t\t\t\t<div class=\"elementor-spacer\">\n\t\t\t<div class=\"elementor-spacer-inner\"><\/div>\n\t\t<\/div>\n\t\t\t\t<\/div>\n\t\t\t\t<\/div>\n\t\t\t\t\t\t<\/div>\n\t\t\t\t\t<\/div>\n\t\t<\/div>\n\t\t\t\t\t\t\t\t<\/div>\n\t\t\t\t\t<\/div>\n\t\t<\/section>\n\t\t\t\t\t\t<\/div>\n\t\t\t\t\t\t<\/div>\n\t\t\t\t\t<\/div>\n\t\t","protected":false},"excerpt":{"rendered":"<p>campus tijuana Habla ingl\u00e9s con la autoridad de un l\u00edder global. One on One Ingl\u00e9s aplicado a las situaciones clave de tu d\u00eda a d\u00eda Objetivo del programa One-on-One es un programa de ingl\u00e9s personalizado, dise\u00f1ado para l\u00edderes que requieren resultados puntuales. La formaci\u00f3n se adapta a sus necesidades y metas laborales, fortaleciendo su capacidad [&hellip;]<\/p>\n","protected":false},"author":1,"featured_media":0,"parent":0,"menu_order":0,"comment_status":"closed","ping_status":"closed","template":"","meta":[],"categories":[],"tags":[12],"acf":[],"_links":{"self":[{"href":"https:\/\/www.cetys.mx\/idiomas\/wp-json\/wp\/v2\/pages\/3852"}],"collection":[{"href":"https:\/\/www.cetys.mx\/idiomas\/wp-json\/wp\/v2\/pages"}],"about":[{"href":"https:\/\/www.cetys.mx\/idiomas\/wp-json\/wp\/v2\/types\/page"}],"author":[{"embeddable":true,"href":"https:\/\/www.cetys.mx\/idiomas\/wp-json\/wp\/v2\/users\/1"}],"replies":[{"embeddable":true,"href":"https:\/\/www.cetys.mx\/idiomas\/wp-json\/wp\/v2\/comments?post=3852"}],"version-history":[{"count":163,"href":"https:\/\/www.cetys.mx\/idiomas\/wp-json\/wp\/v2\/pages\/3852\/revisions"}],"predecessor-version":[{"id":62083,"href":"https:\/\/www.cetys.mx\/idiomas\/wp-json\/wp\/v2\/pages\/3852\/revisions\/62083"}],"wp:attachment":[{"href":"https:\/\/www.cetys.mx\/idiomas\/wp-json\/wp\/v2\/media?parent=3852"}],"wp:term":[{"taxonomy":"category","embeddable":true,"href":"https:\/\/www.cetys.mx\/idiomas\/wp-json\/wp\/v2\/categories?post=3852"},{"taxonomy":"post_tag","embeddable":true,"href":"https:\/\/www.cetys.mx\/idiomas\/wp-json\/wp\/v2\/tags?post=3852"}],"curies":[{"name":"wp","href":"https:\/\/api.w.org\/{rel}","templated":true}]}}