{"id":8289,"date":"2020-08-17T13:11:14","date_gmt":"2020-08-17T19:11:14","guid":{"rendered":"https:\/\/protondigital.xyz\/cetysdeportes\/?page_id=8289"},"modified":"2020-09-15T16:12:42","modified_gmt":"2020-09-15T22:12:42","slug":"mision-y-vision","status":"publish","type":"page","link":"https:\/\/www.cetys.mx\/gozorros\/mision-y-vision\/","title":{"rendered":"Misi\u00f3n y Visi\u00f3n"},"content":{"rendered":"<div class=\"vce-row-container\"><div class=\"vce-row vce-element--has-background vce-row--col-gap-0 vce-row-columns--top vce-row-content--bottom\" data-vce-full-width=\"true\" id=\"el-85543b74\" data-vce-do-apply=\"all el-85543b74\"><div class=\"vce-content-background-container\"><div class=\"vce-asset-color-gradient-container vce-visible-all-only\" data-vce-do-apply=\"gradient el-85543b74\"><\/div><\/div><div class=\"vce-row-content\" data-vce-element-content=\"true\" style=\"padding-left: 149.444px; padding-right: 149.444px;\"><div class=\"vce-col vce-col--md-auto vce-col--xs-1 vce-col--xs-last vce-col--xs-first vce-col--sm-last vce-col--sm-first vce-col--md-last vce-col--lg-last vce-col--xl-last vce-col--md-first vce-col--lg-first vce-col--xl-first\" id=\"el-47179027\"><div class=\"vce-col-inner\" data-vce-do-apply=\"border margin background  el-47179027\"><div class=\"vce-content-background-container\"><\/div><div class=\"vce-col-content\" data-vce-element-content=\"true\" data-vce-do-apply=\"padding el-47179027\"><div class=\"vce-text-block\"><div class=\"vce-text-block-wrapper vce\" id=\"el-8e381afb\" data-vce-do-apply=\"all el-8e381afb\"><p style=\"text-align: center;\">&nbsp;<\/p>\n<h1 style=\"text-align: center;\"><span style=\"color: #ffffff; font-size: 56pt; letter-spacing: 3px;\">Misi\u00f3n y Visi\u00f3n<\/span><\/h1><\/div><\/div><\/div><\/div><\/div><\/div><\/div><\/div><div class=\"vce-row-container\"><div class=\"vce-row vce-row--col-gap-30 vce-row-columns--top vce-row-content--top\" id=\"el-637d150f\" data-vce-do-apply=\"all el-637d150f\"><div class=\"vce-row-content\" data-vce-element-content=\"true\"><div class=\"vce-col vce-col--md-auto vce-col--xs-1 vce-col--xs-last vce-col--xs-first vce-col--sm-last vce-col--sm-first vce-col--md-last vce-col--lg-last vce-col--xl-last vce-col--md-first vce-col--lg-first vce-col--xl-first\" id=\"el-bc8655c4\"><div class=\"vce-col-inner\" data-vce-do-apply=\"border margin background  el-bc8655c4\"><div class=\"vce-col-content\" data-vce-element-content=\"true\" data-vce-do-apply=\"padding el-bc8655c4\"><\/div><\/div><\/div><\/div><\/div><\/div><div class=\"vce-row-container\"><div class=\"vce-row vce-row--col-gap-30 vce-row-columns--top vce-row-content--top\" id=\"el-2caf70f5\" data-vce-do-apply=\"all el-2caf70f5\"><div class=\"vce-row-content\" data-vce-element-content=\"true\"><div class=\"vce-col vce-col--md-auto vce-col--xs-1 vce-col--xs-last vce-col--xs-first vce-col--sm-last vce-col--sm-first vce-col--md-first vce-col--lg-first vce-col--xl-first\" id=\"el-f5b91a44\"><div class=\"vce-col-inner\" data-vce-do-apply=\"border margin background  el-f5b91a44\"><div class=\"vce-col-content\" data-vce-element-content=\"true\" data-vce-do-apply=\"padding el-f5b91a44\"><div class=\"vce-single-image-container vce-single-image--align-left\"><div class=\"vce vce-single-image-wrapper\" id=\"el-b526e64c\" data-vce-do-apply=\"all el-b526e64c\"><figure><div class=\"vce-single-image-inner vce-single-image--absolute\" style=\"padding-bottom: 68.8889%; width: 900px;\"><img class=\"vce-single-image\" width=\"900\" height=\"620\"src=\"https:\/\/www.cetys.mx\/gozorros\/wp-content\/uploads\/2020\/09\/Zorros-campeonas-invictas-900x620.jpeg\" srcset=\"https:\/\/www.cetys.mx\/gozorros\/wp-content\/uploads\/2020\/09\/Zorros-campeonas-invictas-320x220.jpeg 320w,https:\/\/www.cetys.mx\/gozorros\/wp-content\/uploads\/2020\/09\/Zorros-campeonas-invictas-480x331.jpeg 480w,https:\/\/www.cetys.mx\/gozorros\/wp-content\/uploads\/2020\/09\/Zorros-campeonas-invictas-800x551.jpeg 800w,https:\/\/www.cetys.mx\/gozorros\/wp-content\/uploads\/2020\/09\/Zorros-campeonas-invictas-900x620.jpeg 900w\" data-img-src=\"https:\/\/www.cetys.mx\/gozorros\/wp-content\/uploads\/2020\/01\/Zorros-campeonas-invictas.jpeg\" alt=\"\" title=\"Zorros campeonas invictas\" \/><\/div><figcaption hidden=\"\"><\/figcaption><\/figure><\/div><\/div><\/div><\/div><\/div><div class=\"vce-col vce-col--md-auto vce-col--xs-1 vce-col--xs-last vce-col--xs-first vce-col--sm-last vce-col--sm-first vce-col--md-last vce-col--lg-last vce-col--xl-last\" id=\"el-1ec02780\"><div class=\"vce-col-inner\" data-vce-do-apply=\"border margin background  el-1ec02780\"><div class=\"vce-col-content\" data-vce-element-content=\"true\" data-vce-do-apply=\"padding el-1ec02780\"><div class=\"vce-text-block\"><div class=\"vce-text-block-wrapper vce\" id=\"el-cc6ea7a1\" data-vce-do-apply=\"all el-cc6ea7a1\"><h2 style=\"text-align: center;\">\u00a1SOMOS ZORROS!&nbsp;<\/h2>\n<h4><strong>Negro y amarillo son nuestros colores&nbsp;<\/strong><\/h4>\n<h4 style=\"text-align: center;\"><span style=\"font-weight: 400; font-style: normal;\">Integramos equipos fuertes, unidos y preocupados por mejorar nuestro entorno a trav\u00e9s del deporte, basado en valores que promueven el crecimiento personal y poniendo en pr\u00e1ctica programas deportivos de alta calidad, como parte del cumplimiento de la <strong>misi\u00f3n<\/strong> de CETYS Universidad.<\/span><\/h4>\n<h4><span style=\"font-weight: 400; font-style: normal;\">&nbsp;<\/span><\/h4>\n<h4 style=\"text-align: center;\"><span style=\"font-weight: 400; font-style: normal;\">Formamos a los l\u00edderes transformadores que M\u00e9xico y el mundo necesitan, brind\u00e1ndoles una satisfactoria experiencia de vida estudiantil durante su etapa escolar, contribuyendo as\u00ed con su realizaci\u00f3n personal y profesional; forjando al mismo tiempo su identidad y pertenencia, como parte de nuestra <strong>visi\u00f3n<\/strong>.<\/span><\/h4>\n<h4 style=\"text-align: center;\"><strong><span style=\"font-style: normal;\">&nbsp;\u00a1Bienvenidos al equipo!&nbsp;<\/span><\/strong><\/h4><\/div><\/div><\/div><\/div><\/div><\/div><\/div><\/div><div class=\"vce-row-container\"><div class=\"vce-row vce-row--col-gap-30 vce-row-columns--top vce-row-content--top\" id=\"el-91fc24e8\" data-vce-do-apply=\"all el-91fc24e8\"><div class=\"vce-row-content\" data-vce-element-content=\"true\"><div class=\"vce-col vce-col--md-auto vce-col--xs-1 vce-col--xs-last vce-col--xs-first vce-col--sm-last vce-col--sm-first vce-col--md-first vce-col--lg-first vce-col--xl-first\" id=\"el-4a956dfb\"><div class=\"vce-col-inner\" data-vce-do-apply=\"border margin background  el-4a956dfb\"><div class=\"vce-col-content\" data-vce-element-content=\"true\" data-vce-do-apply=\"padding el-4a956dfb\"><div class=\"vce-text-block\"><div class=\"vce-text-block-wrapper vce\" id=\"el-a15ca41c\" data-vce-do-apply=\"all el-a15ca41c\"><h2 style=\"font-family: Rubik, sans-serif; color: #333333; text-align: center;\">El deporte es orgullo, identidad y tradici\u00f3n en CETYS<\/h2><p dir=\"ltr\" style=\"margin-top: 0pt; margin-bottom: 0pt; font-size: 14px; line-height: 1.2; text-align: justify;\"><span style=\"font-size: 12pt; font-family: Arial; color: #000000; background-color: transparent; font-variant-numeric: normal; font-variant-east-asian: normal; vertical-align: baseline; white-space: pre-wrap;\">En la universidad se forjan mucho m\u00e1s que las habilidades t\u00e9cnicas y cognitivas con las que los futuros profesionistas se integrar\u00e1n a la vida productiva. En este periodo aprendemos a ser competitivos, a desarrollar liderazgos, y afinamos detalles del proyecto de vida que haremos realidad con el transcurso de los a\u00f1os.&nbsp;<\/span><\/p><p style=\"font-size: 14px;\"><span id=\"docs-internal-guid-3fbc4ca6-7fff-5b0d-2235-2d89409b872b\">&nbsp;<\/span><\/p><p dir=\"ltr\" style=\"margin-top: 0pt; margin-bottom: 0pt; font-size: 14px; line-height: 1.2; text-align: justify;\"><span style=\"font-size: 12pt; font-family: Arial; color: #000000; background-color: transparent; font-variant-numeric: normal; font-variant-east-asian: normal; vertical-align: baseline; white-space: pre-wrap;\">Para que su formaci\u00f3n sea completa, en CETYS vamos mucho m\u00e1s all\u00e1 del \u00e1mbito acad\u00e9mico, ofreci\u00e9ndoles un programa atl\u00e9tico de alto nivel que mientras promueve el cuidado de la salud y la cultura f\u00edsica, estimula la adopci\u00f3n de valores que se aprenden dentro del campo de juego, y que se practican dentro y fuera de \u00e9l.&nbsp;<\/span><\/p><p style=\"font-size: 14px;\">&nbsp;<\/p><p dir=\"ltr\" style=\"margin-top: 0pt; margin-bottom: 0pt; font-size: 14px; line-height: 1.2; text-align: justify;\"><span style=\"font-size: 12pt; font-family: Arial; color: #000000; background-color: transparent; font-variant-numeric: normal; font-variant-east-asian: normal; vertical-align: baseline; white-space: pre-wrap;\">El compromiso, la dedicaci\u00f3n, el trabajo en equipo y la disciplina son algunos de los rasgos que distinguen a los Zorros del CETYS, y que los preparan para sobresalir en el futuro en todos los \u00e1mbitos de su vida.&nbsp;&nbsp;<\/span><\/p><p style=\"font-size: 14px;\">&nbsp;<\/p><p dir=\"ltr\" style=\"margin-top: 0pt; margin-bottom: 0pt; font-size: 14px; line-height: 1.2; text-align: justify;\"><span style=\"font-size: 12pt; font-family: Arial; color: #000000; background-color: transparent; font-variant-numeric: normal; font-variant-east-asian: normal; vertical-align: baseline; white-space: pre-wrap;\">Los programas deportivos fomentan nuestra tradici\u00f3n y orgullo. Unifican a toda una comunidad distribuida en nuestros tres campus, promoviendo una sola identidad y reforzando la reputaci\u00f3n de esta instituci\u00f3n.<\/span><\/p><p style=\"font-size: 14px;\">&nbsp;<\/p><p dir=\"ltr\" style=\"margin-top: 0pt; margin-bottom: 0pt; font-size: 14px; line-height: 1.2; text-align: justify;\"><span style=\"font-size: 12pt; font-family: Arial; color: #000000; background-color: transparent; font-variant-numeric: normal; font-variant-east-asian: normal; vertical-align: baseline; white-space: pre-wrap;\">La actividad atl\u00e9tica es tambi\u00e9n uno de nuestros medios para detectar, reconocer y apoyar a estudiantes deportistas cuyo talento dentro y fuera del aula merece ser recompensado con becas y otros apoyos.<\/span><\/p><p style=\"font-size: 14px;\">&nbsp;<\/p><p dir=\"ltr\" style=\"margin-top: 0pt; margin-bottom: 0pt; font-size: 14px; line-height: 1.2; text-align: justify;\"><span style=\"font-size: 12pt; font-family: Arial; color: #000000; background-color: transparent; font-variant-numeric: normal; font-variant-east-asian: normal; vertical-align: baseline; white-space: pre-wrap;\">Alrededor del mundo, muchas instituciones de educaci\u00f3n superior est\u00e1n utilizando el deporte como una v\u00eda para brindar oportunidades internacionales a sus estudiantes, lanzando esfuerzos para expandir la presencia de sus programas deportivos, tal y como ocurre en CETYS.&nbsp;<\/span><\/p><p style=\"font-size: 14px;\">&nbsp;<\/p><p dir=\"ltr\" style=\"margin-top: 0pt; margin-bottom: 0pt; font-size: 14px; line-height: 1.2; text-align: justify;\"><span style=\"font-size: 12pt; font-family: Arial; color: #000000; background-color: transparent; font-variant-numeric: normal; font-variant-east-asian: normal; vertical-align: baseline; white-space: pre-wrap;\">Nuestro enfoque global nos mantiene en la b\u00fasqueda constante de crear caminos para que cada vez m\u00e1s j\u00f3venes mexicanos accedan a ligas, torneos y competiciones de talla internacional, en los cuales mostrar su talento, validar su alto nivel competitivo y proyectar el potencial atl\u00e9tico de su generaci\u00f3n.&nbsp;<\/span><\/p><p style=\"font-size: 14px;\">&nbsp;<\/p><p dir=\"ltr\" style=\"margin-top: 0pt; margin-bottom: 0pt; font-size: 14px; line-height: 1.2; text-align: justify;\"><span style=\"font-size: 12pt; font-family: Arial; color: #000000; background-color: transparent; font-variant-numeric: normal; font-variant-east-asian: normal; vertical-align: baseline; white-space: pre-wrap;\">Gracias a la estrecha relaci\u00f3n que mantenemos con instituciones de educaci\u00f3n superior de Estados Unidos, construimos v\u00ednculos de confianza transfronteriza cada vez m\u00e1s fuertes, lo cual nos motiva a trabajar en el perfeccionamiento del pensamiento estrat\u00e9gico dentro de nuestros equipos deportivos. Adem\u00e1s, permitir que los estudiantes compitan bajo diferentes est\u00e1ndares los desaf\u00eda a comprender nuevas perspectivas internacionales, elevando sus habilidades individuales y la competitividad de su equipo; todo esto mientras enriquecen su educaci\u00f3n.&nbsp;<\/span><\/p><p style=\"font-size: 14px;\">&nbsp;<\/p><p dir=\"ltr\" style=\"margin-top: 0pt; margin-bottom: 0pt; font-size: 14px; line-height: 1.2; text-align: justify;\"><span style=\"font-size: 12pt; font-family: Arial; color: #000000; background-color: transparent; font-variant-numeric: normal; font-variant-east-asian: normal; vertical-align: baseline; white-space: pre-wrap;\">Cuando educamos a atletas talentosos que adem\u00e1s son buenos ciudadanos contribuimos en la construcci\u00f3n de un entorno que beneficia tanto a los estudiantes de CETYS como a toda la juventud mexicana. Al desarrollar profesionales dedicados y motivados por los dem\u00e1s, tambi\u00e9n creamos l\u00edderes que entienden c\u00f3mo manejar el \u00e9xito y c\u00f3mo perseverar a trav\u00e9s del fracaso y de las dificultades.<\/span><\/p><\/div><\/div><\/div><\/div><\/div><div class=\"vce-col vce-col--md-auto vce-col--xs-1 vce-col--xs-last vce-col--xs-first vce-col--sm-last vce-col--sm-first vce-col--md-last vce-col--lg-last vce-col--xl-last\" id=\"el-dd925f0a\"><div class=\"vce-col-inner\" data-vce-do-apply=\"border margin background  el-dd925f0a\"><div class=\"vce-col-content\" data-vce-element-content=\"true\" data-vce-do-apply=\"padding el-dd925f0a\"><div class=\"vce-single-image-container vce-single-image--align-center\"><div class=\"vce vce-single-image-wrapper\" id=\"el-f687e3aa\" data-vce-do-apply=\"all el-f687e3aa\"><figure><div class=\"vce-single-image-inner vce-single-image--absolute vce-single-image--border-rounded\" style=\"padding-bottom: 66.3333%; width: 300px;\"><img class=\"vce-single-image\" width=\"300\" height=\"199\"src=\"https:\/\/www.cetys.mx\/gozorros\/wp-content\/uploads\/2020\/09\/Softbol-estadisticas-300x199.jpg\" srcset=\"https:\/\/www.cetys.mx\/gozorros\/wp-content\/uploads\/2020\/09\/Softbol-estadisticas-300x199.jpg 300w\" data-img-src=\"https:\/\/www.cetys.mx\/gozorros\/wp-content\/uploads\/2019\/12\/Softbol-estadisticas.jpg\" alt=\"\" title=\"Softbol-estadisticas\" \/><\/div><figcaption hidden=\"\"><\/figcaption><\/figure><\/div><\/div><div class=\"vce-single-image-container vce-single-image--align-center\"><div class=\"vce vce-single-image-wrapper\" id=\"el-422de85e\" data-vce-do-apply=\"all el-422de85e\"><figure><div class=\"vce-single-image-inner vce-single-image--absolute vce-single-image--border-rounded\" style=\"padding-bottom: 66.6667%; width: 300px;\"><img class=\"vce-single-image\" width=\"300\" height=\"200\"src=\"https:\/\/www.cetys.mx\/gozorros\/wp-content\/uploads\/2020\/09\/fut-americano-datos-300x200.jpg\" srcset=\"https:\/\/www.cetys.mx\/gozorros\/wp-content\/uploads\/2020\/09\/fut-americano-datos-300x200.jpg 300w\" data-img-src=\"https:\/\/www.cetys.mx\/gozorros\/wp-content\/uploads\/2019\/12\/fut-americano-datos.jpg\" alt=\"\" title=\"fut-americano-datos\" \/><\/div><figcaption hidden=\"\"><\/figcaption><\/figure><\/div><\/div><div class=\"vce-single-image-container vce-single-image--align-center\"><div class=\"vce vce-single-image-wrapper\" id=\"el-88f9d78d\" data-vce-do-apply=\"all el-88f9d78d\"><figure><div class=\"vce-single-image-inner vce-single-image--absolute vce-single-image--border-rounded\" style=\"padding-bottom: 66.6667%; width: 300px;\"><img class=\"vce-single-image\" width=\"300\" height=\"200\"src=\"https:\/\/www.cetys.mx\/gozorros\/wp-content\/uploads\/2020\/09\/Basquetbol-femenil-calendario-300x200.jpg\" srcset=\"https:\/\/www.cetys.mx\/gozorros\/wp-content\/uploads\/2020\/09\/Basquetbol-femenil-calendario-300x200.jpg 300w\" data-img-src=\"https:\/\/www.cetys.mx\/gozorros\/wp-content\/uploads\/2019\/12\/Basquetbol-femenil-calendario.jpg\" alt=\"\" title=\"Basquetbol- femenil-calendario\" \/><\/div><figcaption hidden=\"\"><\/figcaption><\/figure><\/div><\/div><div class=\"vce-single-image-container vce-single-image--align-center\"><div class=\"vce vce-single-image-wrapper\" id=\"el-4a2e5dac\" data-vce-do-apply=\"all el-4a2e5dac\"><figure><div class=\"vce-single-image-inner vce-single-image--absolute vce-single-image--border-rounded\" style=\"padding-bottom: 66.6667%; width: 300px;\"><img class=\"vce-single-image\" width=\"300\" height=\"200\"src=\"https:\/\/www.cetys.mx\/gozorros\/wp-content\/uploads\/2020\/09\/VOLEI-V-estadisticas-300x200.jpg\" srcset=\"https:\/\/www.cetys.mx\/gozorros\/wp-content\/uploads\/2020\/09\/VOLEI-V-estadisticas-300x200.jpg 300w\" data-img-src=\"https:\/\/www.cetys.mx\/gozorros\/wp-content\/uploads\/2019\/12\/VOLEI-V-estadisticas.jpg\" alt=\"\" title=\"VOLEI-V-estadisticas\" \/><\/div><figcaption hidden=\"\"><\/figcaption><\/figure><\/div><\/div><div class=\"vce-single-image-container vce-single-image--align-center\"><div class=\"vce vce-single-image-wrapper\" id=\"el-40252c71\" data-vce-do-apply=\"all el-40252c71\"><figure><div class=\"vce-single-image-inner vce-single-image--absolute vce-single-image--border-rounded\" style=\"padding-bottom: 66.6667%; width: 300px;\"><img class=\"vce-single-image\" width=\"300\" height=\"200\"src=\"https:\/\/www.cetys.mx\/gozorros\/wp-content\/uploads\/2020\/09\/atletismo-f-datos-300x200.jpg\" srcset=\"https:\/\/www.cetys.mx\/gozorros\/wp-content\/uploads\/2020\/09\/atletismo-f-datos-300x200.jpg 300w\" data-img-src=\"https:\/\/www.cetys.mx\/gozorros\/wp-content\/uploads\/2019\/12\/atletismo-f-datos.jpg\" alt=\"\" title=\"atletismo-f-datos\" \/><\/div><figcaption hidden=\"\"><\/figcaption><\/figure><\/div><\/div><\/div><\/div><\/div><\/div><\/div><\/div>\n","protected":false},"excerpt":{"rendered":"<p>&nbsp; Misi\u00f3n y Visi\u00f3n\u00a1SOMOS ZORROS!&nbsp; Negro y amarillo son nuestros colores&nbsp; Integramos equipos fuertes, unidos y preocupados por mejorar nuestro entorno a trav\u00e9s del deporte, basado en valores que promueven [&hellip;]<\/p>\n","protected":false},"author":6,"featured_media":0,"parent":0,"menu_order":0,"comment_status":"closed","ping_status":"closed","template":"","meta":{"footnotes":""},"class_list":["post-8289","page","type-page","status-publish","hentry"],"yoast_head":"<!-- This site is optimized with the Yoast SEO plugin v27.2 - https:\/\/yoast.com\/product\/yoast-seo-wordpress\/ -->\n<title>Misi\u00f3n y Visi\u00f3n - CETYS Deportes<\/title>\n<meta name=\"robots\" content=\"index, follow, max-snippet:-1, max-image-preview:large, max-video-preview:-1\" \/>\n<link rel=\"canonical\" href=\"https:\/\/www.cetys.mx\/gozorros\/mision-y-vision\/\" \/>\n<meta property=\"og:locale\" content=\"es_MX\" \/>\n<meta property=\"og:type\" content=\"article\" \/>\n<meta property=\"og:title\" content=\"Misi\u00f3n y Visi\u00f3n - CETYS Deportes\" \/>\n<meta property=\"og:description\" content=\"&nbsp; Misi\u00f3n y Visi\u00f3n\u00a1SOMOS ZORROS!&nbsp; Negro y amarillo son nuestros colores&nbsp; Integramos equipos fuertes, unidos y preocupados por mejorar nuestro entorno a trav\u00e9s del deporte, basado en valores que promueven [&hellip;]\" \/>\n<meta property=\"og:url\" content=\"https:\/\/www.cetys.mx\/gozorros\/mision-y-vision\/\" \/>\n<meta property=\"og:site_name\" content=\"CETYS Deportes\" \/>\n<meta property=\"article:modified_time\" content=\"2020-09-15T22:12:42+00:00\" \/>\n<meta name=\"twitter:card\" content=\"summary_large_image\" \/>\n<meta name=\"twitter:label1\" content=\"Tiempo de lectura\" \/>\n\t<meta name=\"twitter:data1\" content=\"3 minutos\" \/>\n<script type=\"application\/ld+json\" class=\"yoast-schema-graph\">{\"@context\":\"https:\/\/schema.org\",\"@graph\":[{\"@type\":\"WebPage\",\"@id\":\"https:\/\/www.cetys.mx\/gozorros\/mision-y-vision\/\",\"url\":\"https:\/\/www.cetys.mx\/gozorros\/mision-y-vision\/\",\"name\":\"Misi\u00f3n y Visi\u00f3n - CETYS Deportes\",\"isPartOf\":{\"@id\":\"https:\/\/www.cetys.mx\/gozorros\/#website\"},\"datePublished\":\"2020-08-17T19:11:14+00:00\",\"dateModified\":\"2020-09-15T22:12:42+00:00\",\"breadcrumb\":{\"@id\":\"https:\/\/www.cetys.mx\/gozorros\/mision-y-vision\/#breadcrumb\"},\"inLanguage\":\"es\",\"potentialAction\":[{\"@type\":\"ReadAction\",\"target\":[\"https:\/\/www.cetys.mx\/gozorros\/mision-y-vision\/\"]}]},{\"@type\":\"BreadcrumbList\",\"@id\":\"https:\/\/www.cetys.mx\/gozorros\/mision-y-vision\/#breadcrumb\",\"itemListElement\":[{\"@type\":\"ListItem\",\"position\":1,\"name\":\"Inicio\",\"item\":\"https:\/\/www.cetys.mx\/gozorros\/\"},{\"@type\":\"ListItem\",\"position\":2,\"name\":\"Misi\u00f3n y Visi\u00f3n\"}]},{\"@type\":\"WebSite\",\"@id\":\"https:\/\/www.cetys.mx\/gozorros\/#website\",\"url\":\"https:\/\/www.cetys.mx\/gozorros\/\",\"name\":\"CETYS Deportes\",\"description\":\"\",\"potentialAction\":[{\"@type\":\"SearchAction\",\"target\":{\"@type\":\"EntryPoint\",\"urlTemplate\":\"https:\/\/www.cetys.mx\/gozorros\/?s={search_term_string}\"},\"query-input\":{\"@type\":\"PropertyValueSpecification\",\"valueRequired\":true,\"valueName\":\"search_term_string\"}}],\"inLanguage\":\"es\"}]}<\/script>\n<!-- \/ Yoast SEO plugin. -->","yoast_head_json":{"title":"Misi\u00f3n y Visi\u00f3n - CETYS Deportes","robots":{"index":"index","follow":"follow","max-snippet":"max-snippet:-1","max-image-preview":"max-image-preview:large","max-video-preview":"max-video-preview:-1"},"canonical":"https:\/\/www.cetys.mx\/gozorros\/mision-y-vision\/","og_locale":"es_MX","og_type":"article","og_title":"Misi\u00f3n y Visi\u00f3n - CETYS Deportes","og_description":"&nbsp; Misi\u00f3n y Visi\u00f3n\u00a1SOMOS ZORROS!&nbsp; Negro y amarillo son nuestros colores&nbsp; Integramos equipos fuertes, unidos y preocupados por mejorar nuestro entorno a trav\u00e9s del deporte, basado en valores que promueven [&hellip;]","og_url":"https:\/\/www.cetys.mx\/gozorros\/mision-y-vision\/","og_site_name":"CETYS Deportes","article_modified_time":"2020-09-15T22:12:42+00:00","twitter_card":"summary_large_image","twitter_misc":{"Tiempo de lectura":"3 minutos"},"schema":{"@context":"https:\/\/schema.org","@graph":[{"@type":"WebPage","@id":"https:\/\/www.cetys.mx\/gozorros\/mision-y-vision\/","url":"https:\/\/www.cetys.mx\/gozorros\/mision-y-vision\/","name":"Misi\u00f3n y Visi\u00f3n - CETYS Deportes","isPartOf":{"@id":"https:\/\/www.cetys.mx\/gozorros\/#website"},"datePublished":"2020-08-17T19:11:14+00:00","dateModified":"2020-09-15T22:12:42+00:00","breadcrumb":{"@id":"https:\/\/www.cetys.mx\/gozorros\/mision-y-vision\/#breadcrumb"},"inLanguage":"es","potentialAction":[{"@type":"ReadAction","target":["https:\/\/www.cetys.mx\/gozorros\/mision-y-vision\/"]}]},{"@type":"BreadcrumbList","@id":"https:\/\/www.cetys.mx\/gozorros\/mision-y-vision\/#breadcrumb","itemListElement":[{"@type":"ListItem","position":1,"name":"Inicio","item":"https:\/\/www.cetys.mx\/gozorros\/"},{"@type":"ListItem","position":2,"name":"Misi\u00f3n y Visi\u00f3n"}]},{"@type":"WebSite","@id":"https:\/\/www.cetys.mx\/gozorros\/#website","url":"https:\/\/www.cetys.mx\/gozorros\/","name":"CETYS Deportes","description":"","potentialAction":[{"@type":"SearchAction","target":{"@type":"EntryPoint","urlTemplate":"https:\/\/www.cetys.mx\/gozorros\/?s={search_term_string}"},"query-input":{"@type":"PropertyValueSpecification","valueRequired":true,"valueName":"search_term_string"}}],"inLanguage":"es"}]}},"_links":{"self":[{"href":"https:\/\/www.cetys.mx\/gozorros\/wp-json\/wp\/v2\/pages\/8289","targetHints":{"allow":["GET"]}}],"collection":[{"href":"https:\/\/www.cetys.mx\/gozorros\/wp-json\/wp\/v2\/pages"}],"about":[{"href":"https:\/\/www.cetys.mx\/gozorros\/wp-json\/wp\/v2\/types\/page"}],"author":[{"embeddable":true,"href":"https:\/\/www.cetys.mx\/gozorros\/wp-json\/wp\/v2\/users\/6"}],"replies":[{"embeddable":true,"href":"https:\/\/www.cetys.mx\/gozorros\/wp-json\/wp\/v2\/comments?post=8289"}],"version-history":[{"count":0,"href":"https:\/\/www.cetys.mx\/gozorros\/wp-json\/wp\/v2\/pages\/8289\/revisions"}],"wp:attachment":[{"href":"https:\/\/www.cetys.mx\/gozorros\/wp-json\/wp\/v2\/media?parent=8289"}],"curies":[{"name":"wp","href":"https:\/\/api.w.org\/{rel}","templated":true}]}}