{"id":8287,"date":"2020-08-17T13:11:01","date_gmt":"2020-08-17T19:11:01","guid":{"rendered":"https:\/\/protondigital.xyz\/cetysdeportes\/?page_id=8287"},"modified":"2020-09-03T19:09:05","modified_gmt":"2020-09-04T01:09:05","slug":"nombre-y-mascota","status":"publish","type":"page","link":"https:\/\/www.cetys.mx\/gozorros\/nombre-y-mascota\/","title":{"rendered":"Nombre y mascota"},"content":{"rendered":"<div class=\"vce-row-container\"><div class=\"vce-row vce-element--has-background vce-row--col-gap-0 vce-row-columns--top vce-row-content--bottom\" data-vce-full-width=\"true\" id=\"el-adeddcc0\" data-vce-do-apply=\"all el-adeddcc0\"><div class=\"vce-content-background-container\"><div class=\"vce-asset-color-gradient-container vce-visible-all-only\" data-vce-do-apply=\"gradient el-adeddcc0\"><\/div><\/div><div class=\"vce-row-content\" data-vce-element-content=\"true\" style=\"padding-left: 149.444px; padding-right: 149.444px;\"><div class=\"vce-col vce-col--md-auto vce-col--xs-1 vce-col--xs-last vce-col--xs-first vce-col--sm-last vce-col--sm-first vce-col--md-last vce-col--lg-last vce-col--xl-last vce-col--md-first vce-col--lg-first vce-col--xl-first\" id=\"el-422bef55\"><div class=\"vce-col-inner\" data-vce-do-apply=\"border margin background  el-422bef55\"><div class=\"vce-content-background-container\"><\/div><div class=\"vce-col-content\" data-vce-element-content=\"true\" data-vce-do-apply=\"padding el-422bef55\"><div class=\"vce-text-block\"><div class=\"vce-text-block-wrapper vce\" id=\"el-55edf374\" data-vce-do-apply=\"all el-55edf374\"><p>&nbsp;<\/p>\n<h1 style=\"text-align: center;\"><span style=\"color: #ffffff; font-size: 56pt; letter-spacing: 3px;\">Nombre y Mascota<\/span><\/h1><\/div><\/div><\/div><\/div><\/div><\/div><\/div><\/div><div class=\"vce-row-container\"><div class=\"vce-row vce-row--col-gap-30 vce-row-columns--top vce-row-content--top\" id=\"el-04aa4aea\" data-vce-do-apply=\"all el-04aa4aea\"><div class=\"vce-row-content\" data-vce-element-content=\"true\"><div class=\"vce-col vce-col--md-auto vce-col--xs-1 vce-col--xs-last vce-col--xs-first vce-col--sm-last vce-col--sm-first vce-col--md-last vce-col--lg-last vce-col--xl-last vce-col--md-first vce-col--lg-first vce-col--xl-first\" id=\"el-6145b749\"><div class=\"vce-col-inner\" data-vce-do-apply=\"border margin background  el-6145b749\"><div class=\"vce-col-content\" data-vce-element-content=\"true\" data-vce-do-apply=\"padding el-6145b749\"><\/div><\/div><\/div><\/div><\/div><\/div><div class=\"vce-row-container\"><div class=\"vce-row vce-row--col-gap-30 vce-row-columns--top vce-row-content--top\" id=\"el-1a1bcb4e\" data-vce-do-apply=\"all el-1a1bcb4e\"><div class=\"vce-row-content\" data-vce-element-content=\"true\"><div class=\"vce-col vce-col--md-auto vce-col--xs-1 vce-col--xs-last vce-col--xs-first vce-col--sm-last vce-col--sm-first vce-col--md-first vce-col--lg-first vce-col--xl-first\" id=\"el-8ac2232f\"><div class=\"vce-col-inner\" data-vce-do-apply=\"border margin background  el-8ac2232f\"><div class=\"vce-col-content\" data-vce-element-content=\"true\" data-vce-do-apply=\"padding el-8ac2232f\"><div class=\"vce-single-image-container vce-single-image--align-left\"><div class=\"vce vce-single-image-wrapper\" id=\"el-03a1c6b5\" data-vce-do-apply=\"all el-03a1c6b5\"><figure><div class=\"vce-single-image-inner vce-single-image--absolute\" style=\"padding-bottom: 66.7059%; width: 850px;\"><img class=\"vce-single-image\" width=\"850\" height=\"567\"src=\"https:\/\/www.cetys.mx\/gozorros\/wp-content\/uploads\/2020\/09\/DSC_2584-850x567.jpg\" srcset=\"https:\/\/www.cetys.mx\/gozorros\/wp-content\/uploads\/2020\/09\/DSC_2584-320x213.jpg 320w,https:\/\/www.cetys.mx\/gozorros\/wp-content\/uploads\/2020\/09\/DSC_2584-480x320.jpg 480w,https:\/\/www.cetys.mx\/gozorros\/wp-content\/uploads\/2020\/09\/DSC_2584-800x534.jpg 800w,https:\/\/www.cetys.mx\/gozorros\/wp-content\/uploads\/2020\/09\/DSC_2584-850x567.jpg 850w\" data-img-src=\"https:\/\/www.cetys.mx\/gozorros\/wp-content\/uploads\/2020\/09\/DSC_2584.jpg\" alt=\"\" title=\"DSC_2584\" \/><\/div><figcaption hidden=\"\"><\/figcaption><\/figure><\/div><\/div><\/div><\/div><\/div><div class=\"vce-col vce-col--md-auto vce-col--xs-1 vce-col--xs-last vce-col--xs-first vce-col--sm-last vce-col--sm-first vce-col--md-last vce-col--lg-last vce-col--xl-last\" id=\"el-a86f51b2\"><div class=\"vce-col-inner\" data-vce-do-apply=\"border margin background  el-a86f51b2\"><div class=\"vce-col-content\" data-vce-element-content=\"true\" data-vce-do-apply=\"padding el-a86f51b2\"><div class=\"vce-text-block\"><div class=\"vce-text-block-wrapper vce\" id=\"el-fcc25f81\" data-vce-do-apply=\"all el-fcc25f81\"><p><span style=\"font-weight: bold;\">\u00bfPor qu\u00e9 Zorros?<\/span><\/p>\n<p style=\"text-align: center;\">Llevamos la inteligencia, astucia y fortaleza del zorro bajo la piel. Nuestros atletas, al igual que los zorros, poseen gran agilidad, fortaleza y capacidad de adaptaci\u00f3n; todos estos son atributos que nos ayudan a cumplir el objetivo de constituir equipos fuertes y de alto nivel competitivo, a la altura de las m\u00e1s prestigiosas competencias deportivas de M\u00e9xico y Estados Unidos, con un enfoque global.<br><br>La capacidad del Zorro para transmitir los valores e ideales de CETYS mediante una imagen fresca y vanguardista, hizo que se convirtiera en la mascota oficial institucional.<br><br><span style=\"font-size: 12pt; font-family: Arial; color: #000000; background-color: transparent; font-style: normal; font-variant: normal; text-decoration: none; vertical-align: baseline; white-space: pre-wrap;\"><span style=\"color: #333333; font-family: Rubik, sans-serif; font-size: 14px;\">Es por todo esto que, enfundados en uniformes con los colores amarillo y negro, todas las disciplinas varonil y femenil de los equipos representativos deportivos se denominan como Zorros del CETYS; a partir de enero del 2016 lo hacen de manera oficial ante CONADEIP, CONDDE, CONADE y todas las ligas deportivas dentro y fuera de M\u00e9xico. <\/span><\/span><\/p>\n<p>&nbsp;<\/p><\/div><\/div><\/div><\/div><\/div><\/div><\/div><\/div><div class=\"vce-row-container\"><div class=\"vce-row vce-row--col-gap-30 vce-row-columns--top vce-row-content--middle\" data-vce-full-width=\"true\" id=\"el-fc8c07aa\" data-vce-do-apply=\"all el-fc8c07aa\"><div class=\"vce-row-content\" data-vce-element-content=\"true\" style=\"padding-left: 149.444px; padding-right: 149.444px;\"><div class=\"vce-col vce-col--md-50p vce-col--xs-1 vce-col--xs-last vce-col--xs-first vce-col--sm-last vce-col--sm-first vce-col--md-first vce-col--lg-first vce-col--xl-first\" id=\"el-79dbe2c8\"><div class=\"vce-col-inner\" data-vce-do-apply=\"border margin background  el-79dbe2c8\"><div class=\"vce-col-content\" data-vce-element-content=\"true\" data-vce-do-apply=\"padding el-79dbe2c8\"><div class=\"vce-single-image-container vce-single-image--align-center\"><div class=\"vce vce-single-image-wrapper\" id=\"el-f7efa470\" data-vce-do-apply=\"all el-f7efa470\"><figure><div class=\"vce-single-image-inner vce-single-image--absolute\" style=\"padding-bottom: 92.2222%; width: 180px;\"><img class=\"vce-single-image\" width=\"180\" height=\"166\"src=\"https:\/\/www.cetys.mx\/gozorros\/wp-content\/uploads\/2020\/09\/Zorro-70s-180x166.jpg\" srcset=\"https:\/\/www.cetys.mx\/gozorros\/wp-content\/uploads\/2020\/09\/Zorro-70s-180x166.jpg 180w\" data-img-src=\"https:\/\/www.cetys.mx\/gozorros\/wp-content\/uploads\/2020\/09\/Zorro-70s.jpg\" alt=\"\" title=\"Zorro 70s\" \/><\/div><figcaption hidden=\"\"><\/figcaption><\/figure><\/div><\/div><div class=\"vce-text-block\"><div class=\"vce-text-block-wrapper vce\" id=\"el-c852d918\" data-vce-do-apply=\"all el-c852d918\"><\/div><\/div><\/div><\/div><\/div><div class=\"vce-col vce-col--md-50p vce-col--xs-1 vce-col--xs-last vce-col--xs-first vce-col--sm-last vce-col--sm-first vce-col--md-last vce-col--lg-last vce-col--xl-last\" id=\"el-b0b5417f\"><div class=\"vce-col-inner\" data-vce-do-apply=\"border margin background  el-b0b5417f\"><div class=\"vce-col-content\" data-vce-element-content=\"true\" data-vce-do-apply=\"padding el-b0b5417f\"><div class=\"vce-single-image-container vce-single-image--align-center\"><div class=\"vce vce-single-image-wrapper\" id=\"el-c2f78217\" data-vce-do-apply=\"all el-c2f78217\"><figure><div class=\"vce-single-image-inner vce-single-image--absolute\" style=\"padding-bottom: 100%; width: 250px;\"><img class=\"vce-single-image\" width=\"250\" height=\"250\"src=\"https:\/\/www.cetys.mx\/gozorros\/wp-content\/uploads\/2020\/09\/logozorros-block-250x250.png\" srcset=\"https:\/\/www.cetys.mx\/gozorros\/wp-content\/uploads\/2020\/09\/logozorros-block-250x250.png 250w\" data-img-src=\"https:\/\/www.cetys.mx\/gozorros\/wp-content\/uploads\/2019\/09\/logozorros-block.png\" alt=\"\" title=\"logozorros-block\" \/><\/div><figcaption hidden=\"\"><\/figcaption><\/figure><\/div><\/div><\/div><\/div><\/div><\/div><\/div><\/div><div class=\"vce-row-container\"><div class=\"vce-row vce-row--col-gap-30 vce-row-columns--top vce-row-content--top\" id=\"el-a51a8dff\" data-vce-do-apply=\"all el-a51a8dff\"><div class=\"vce-row-content\" data-vce-element-content=\"true\"><div class=\"vce-col vce-col--md-auto vce-col--xs-1 vce-col--xs-last vce-col--xs-first vce-col--sm-last vce-col--sm-first vce-col--md-last vce-col--lg-last vce-col--xl-last vce-col--md-first vce-col--lg-first vce-col--xl-first\" id=\"el-11faee24\"><div class=\"vce-col-inner\" data-vce-do-apply=\"border margin background  el-11faee24\"><div class=\"vce-col-content\" data-vce-element-content=\"true\" data-vce-do-apply=\"padding el-11faee24\"><div class=\"vce-row-container\"><div class=\"vce-row vce-row--col-gap-30 vce-row-columns--top vce-row-content--top\" id=\"el-156086f5\" data-vce-do-apply=\"all el-156086f5\"><div class=\"vce-row-content\" data-vce-element-content=\"true\"><div class=\"vce-col vce-col--md-auto vce-col--xs-1 vce-col--xs-last vce-col--xs-first vce-col--sm-last vce-col--sm-first vce-col--md-last vce-col--lg-last vce-col--xl-last vce-col--md-first vce-col--lg-first vce-col--xl-first\" id=\"el-a3df6c66\"><div class=\"vce-col-inner\" data-vce-do-apply=\"border margin background  el-a3df6c66\"><div class=\"vce-col-content\" data-vce-element-content=\"true\" data-vce-do-apply=\"padding el-a3df6c66\"><div class=\"vce-text-block\"><div class=\"vce-text-block-wrapper vce\" id=\"el-2a91e7cf\" data-vce-do-apply=\"all el-2a91e7cf\"><h4 style=\"font-family: Rubik, sans-serif; color: #333333; text-align: center;\">Esta es la nueva identidad del Zorro que sustituye a la dise\u00f1ada en los a\u00f1os 70's&nbsp;<\/h4><h4 style=\"font-family: Rubik, sans-serif; color: #333333; text-align: center;\">Su trazo moderno y estilizado exalta las caracter\u00edsticas del zorro en nuestra regi\u00f3n. Las l\u00edneas que dibujan su forma proyectan su personalidad, siendo sus rasgos principales la nariz afilada, corto pelaje, tama\u00f1o mediano, sus orejas apuntando hacia arriba y una mirada determinada, contrastados por los colores negro, amarillo, blanco y gris.&nbsp;<\/h4><\/div><\/div><\/div><\/div><\/div><\/div><\/div><\/div><\/div><\/div><\/div><\/div><\/div><\/div><div class=\"vce-row-container\"><div class=\"vce-row vce-row--col-gap-30 vce-row-columns--top vce-row-content--top\" id=\"el-a0aa097c\" data-vce-do-apply=\"all el-a0aa097c\"><div class=\"vce-row-content\" data-vce-element-content=\"true\"><div class=\"vce-col vce-col--md-auto vce-col--xs-1 vce-col--xs-last vce-col--xs-first vce-col--sm-last vce-col--sm-first vce-col--md-first vce-col--lg-first vce-col--xl-first\" id=\"el-18e690a4\"><div class=\"vce-col-inner\" data-vce-do-apply=\"border margin background  el-18e690a4\"><div class=\"vce-col-content\" data-vce-element-content=\"true\" data-vce-do-apply=\"padding el-18e690a4\"><div class=\"vce-single-image-container vce-single-image--align-left\"><div class=\"vce vce-single-image-wrapper\" id=\"el-6cd48212\" data-vce-do-apply=\"all el-6cd48212\"><figure><div class=\"vce-single-image-inner vce-single-image--absolute\" style=\"padding-bottom: 66.4927%; width: 958px;\"><img class=\"vce-single-image\" width=\"958\" height=\"637\"src=\"https:\/\/www.cetys.mx\/gozorros\/wp-content\/uploads\/2020\/09\/Zorros-13-958x637.jpg\" srcset=\"https:\/\/www.cetys.mx\/gozorros\/wp-content\/uploads\/2020\/09\/Zorros-13-320x213.jpg 320w,https:\/\/www.cetys.mx\/gozorros\/wp-content\/uploads\/2020\/09\/Zorros-13-480x319.jpg 480w,https:\/\/www.cetys.mx\/gozorros\/wp-content\/uploads\/2020\/09\/Zorros-13-800x532.jpg 800w,https:\/\/www.cetys.mx\/gozorros\/wp-content\/uploads\/2020\/09\/Zorros-13-958x637.jpg 958w\" data-img-src=\"https:\/\/www.cetys.mx\/gozorros\/wp-content\/uploads\/2020\/09\/Zorros-13.jpg\" alt=\"\" title=\"Zorros-13\" \/><\/div><figcaption hidden=\"\"><\/figcaption><\/figure><\/div><\/div><\/div><\/div><\/div><div class=\"vce-col vce-col--md-auto vce-col--xs-1 vce-col--xs-last vce-col--xs-first vce-col--sm-last vce-col--sm-first vce-col--md-last vce-col--lg-last vce-col--xl-last\" id=\"el-6bd52ed7\"><div class=\"vce-col-inner\" data-vce-do-apply=\"border margin background  el-6bd52ed7\"><div class=\"vce-col-content\" data-vce-element-content=\"true\" data-vce-do-apply=\"padding el-6bd52ed7\"><div class=\"vce-text-block\"><div class=\"vce-text-block-wrapper vce\" id=\"el-bfbeef68\" data-vce-do-apply=\"all el-bfbeef68\"><p dir=\"ltr\" style=\"margin-top: 0pt; margin-bottom: 10pt; margin-left: 18pt; line-height: 1.2; text-align: justify;\"><span style=\"font-size: 12pt; font-family: Arial; color: #000000; background-color: transparent; font-variant-numeric: normal; font-variant-east-asian: normal; vertical-align: baseline; white-space: pre-wrap;\">&nbsp;<\/span><\/p>\n<p dir=\"ltr\" style=\"margin-top: 0pt; margin-bottom: 10pt; margin-left: 18pt; line-height: 1.2; text-align: center;\"><span style=\"font-size: 12pt; font-family: Arial; color: #000000; background-color: transparent; font-weight: bold; font-variant-numeric: normal; font-variant-east-asian: normal; vertical-align: baseline; white-space: pre-wrap;\">Una sola identidad; un mismo CETYS <\/span><\/p>\n<p dir=\"ltr\" style=\"margin-top: 0pt; margin-bottom: 10pt; margin-left: 18pt; line-height: 1.2; text-align: justify;\"><span style=\"font-size: 12pt; font-family: Arial; color: #000000; background-color: transparent; font-variant-numeric: normal; font-variant-east-asian: normal; vertical-align: baseline; white-space: pre-wrap;\">A los retos del futuro los enfrentamos con fuerza, con unidad y con determinaci\u00f3n. Exaltamos nuestra identidad, y nos distinguimos como Zorros a partir de la transici\u00f3n iniciada en el 2015, con miras a extender nuestra participaci\u00f3n en competiciones internacionales.<\/span><\/p>\n<p dir=\"ltr\" style=\"margin-top: 0pt; margin-bottom: 10pt; margin-left: 18pt; line-height: 1.2; text-align: justify;\"><span style=\"font-size: 12pt; font-family: Arial; color: #000000; background-color: transparent; font-variant-numeric: normal; font-variant-east-asian: normal; vertical-align: baseline; white-space: pre-wrap;\">La tradici\u00f3n y el orgullo son dos de los pilares que sostienen la historia de CETYS. Por eso, los miembros de la comunidad Alumni que cursaron y egresaron teniendo como s\u00edmbolo al Oso, una de las mascotas m\u00e1s queridas y con mayor arraigo de nuestro sistema en el Campus Tijuana, y al Delf\u00edn, otro de los emblemas que nos acompa\u00f1\u00f3 durante un significativo per\u00edodo de trabajo deportivo en el Campus Ensenada, son y seguir\u00e1n siendo Osos y Delfines, respectivamente.<\/span><\/p><\/div><\/div><\/div><\/div><\/div><\/div><\/div><\/div>\n","protected":false},"excerpt":{"rendered":"<p>&nbsp; Nombre y Mascota\u00bfPor qu\u00e9 Zorros? Llevamos la inteligencia, astucia y fortaleza del zorro bajo la piel. Nuestros atletas, al igual que los zorros, poseen gran agilidad, fortaleza y capacidad [&hellip;]<\/p>\n","protected":false},"author":6,"featured_media":0,"parent":0,"menu_order":0,"comment_status":"closed","ping_status":"closed","template":"","meta":{"footnotes":""},"class_list":["post-8287","page","type-page","status-publish","hentry"],"yoast_head":"<!-- This site is optimized with the Yoast SEO plugin v27.4 - https:\/\/yoast.com\/product\/yoast-seo-wordpress\/ -->\n<title>Nombre y mascota - CETYS Deportes<\/title>\n<meta name=\"robots\" content=\"index, follow, max-snippet:-1, max-image-preview:large, max-video-preview:-1\" \/>\n<link rel=\"canonical\" href=\"https:\/\/www.cetys.mx\/gozorros\/nombre-y-mascota\/\" \/>\n<meta property=\"og:locale\" content=\"es_MX\" \/>\n<meta property=\"og:type\" content=\"article\" \/>\n<meta property=\"og:title\" content=\"Nombre y mascota - CETYS Deportes\" \/>\n<meta property=\"og:description\" content=\"&nbsp; Nombre y Mascota\u00bfPor qu\u00e9 Zorros? Llevamos la inteligencia, astucia y fortaleza del zorro bajo la piel. Nuestros atletas, al igual que los zorros, poseen gran agilidad, fortaleza y capacidad [&hellip;]\" \/>\n<meta property=\"og:url\" content=\"https:\/\/www.cetys.mx\/gozorros\/nombre-y-mascota\/\" \/>\n<meta property=\"og:site_name\" content=\"CETYS Deportes\" \/>\n<meta property=\"article:modified_time\" content=\"2020-09-04T01:09:05+00:00\" \/>\n<meta name=\"twitter:card\" content=\"summary_large_image\" \/>\n<meta name=\"twitter:label1\" content=\"Tiempo de lectura\" \/>\n\t<meta name=\"twitter:data1\" content=\"2 minutos\" \/>\n<script type=\"application\/ld+json\" class=\"yoast-schema-graph\">{\"@context\":\"https:\\\/\\\/schema.org\",\"@graph\":[{\"@type\":\"WebPage\",\"@id\":\"https:\\\/\\\/www.cetys.mx\\\/gozorros\\\/nombre-y-mascota\\\/\",\"url\":\"https:\\\/\\\/www.cetys.mx\\\/gozorros\\\/nombre-y-mascota\\\/\",\"name\":\"Nombre y mascota - CETYS Deportes\",\"isPartOf\":{\"@id\":\"https:\\\/\\\/www.cetys.mx\\\/gozorros\\\/#website\"},\"datePublished\":\"2020-08-17T19:11:01+00:00\",\"dateModified\":\"2020-09-04T01:09:05+00:00\",\"breadcrumb\":{\"@id\":\"https:\\\/\\\/www.cetys.mx\\\/gozorros\\\/nombre-y-mascota\\\/#breadcrumb\"},\"inLanguage\":\"es\",\"potentialAction\":[{\"@type\":\"ReadAction\",\"target\":[\"https:\\\/\\\/www.cetys.mx\\\/gozorros\\\/nombre-y-mascota\\\/\"]}]},{\"@type\":\"BreadcrumbList\",\"@id\":\"https:\\\/\\\/www.cetys.mx\\\/gozorros\\\/nombre-y-mascota\\\/#breadcrumb\",\"itemListElement\":[{\"@type\":\"ListItem\",\"position\":1,\"name\":\"Inicio\",\"item\":\"https:\\\/\\\/www.cetys.mx\\\/gozorros\\\/\"},{\"@type\":\"ListItem\",\"position\":2,\"name\":\"Nombre y mascota\"}]},{\"@type\":\"WebSite\",\"@id\":\"https:\\\/\\\/www.cetys.mx\\\/gozorros\\\/#website\",\"url\":\"https:\\\/\\\/www.cetys.mx\\\/gozorros\\\/\",\"name\":\"CETYS Deportes\",\"description\":\"\",\"potentialAction\":[{\"@type\":\"SearchAction\",\"target\":{\"@type\":\"EntryPoint\",\"urlTemplate\":\"https:\\\/\\\/www.cetys.mx\\\/gozorros\\\/?s={search_term_string}\"},\"query-input\":{\"@type\":\"PropertyValueSpecification\",\"valueRequired\":true,\"valueName\":\"search_term_string\"}}],\"inLanguage\":\"es\"}]}<\/script>\n<!-- \/ Yoast SEO plugin. -->","yoast_head_json":{"title":"Nombre y mascota - CETYS Deportes","robots":{"index":"index","follow":"follow","max-snippet":"max-snippet:-1","max-image-preview":"max-image-preview:large","max-video-preview":"max-video-preview:-1"},"canonical":"https:\/\/www.cetys.mx\/gozorros\/nombre-y-mascota\/","og_locale":"es_MX","og_type":"article","og_title":"Nombre y mascota - CETYS Deportes","og_description":"&nbsp; Nombre y Mascota\u00bfPor qu\u00e9 Zorros? Llevamos la inteligencia, astucia y fortaleza del zorro bajo la piel. Nuestros atletas, al igual que los zorros, poseen gran agilidad, fortaleza y capacidad [&hellip;]","og_url":"https:\/\/www.cetys.mx\/gozorros\/nombre-y-mascota\/","og_site_name":"CETYS Deportes","article_modified_time":"2020-09-04T01:09:05+00:00","twitter_card":"summary_large_image","twitter_misc":{"Tiempo de lectura":"2 minutos"},"schema":{"@context":"https:\/\/schema.org","@graph":[{"@type":"WebPage","@id":"https:\/\/www.cetys.mx\/gozorros\/nombre-y-mascota\/","url":"https:\/\/www.cetys.mx\/gozorros\/nombre-y-mascota\/","name":"Nombre y mascota - CETYS Deportes","isPartOf":{"@id":"https:\/\/www.cetys.mx\/gozorros\/#website"},"datePublished":"2020-08-17T19:11:01+00:00","dateModified":"2020-09-04T01:09:05+00:00","breadcrumb":{"@id":"https:\/\/www.cetys.mx\/gozorros\/nombre-y-mascota\/#breadcrumb"},"inLanguage":"es","potentialAction":[{"@type":"ReadAction","target":["https:\/\/www.cetys.mx\/gozorros\/nombre-y-mascota\/"]}]},{"@type":"BreadcrumbList","@id":"https:\/\/www.cetys.mx\/gozorros\/nombre-y-mascota\/#breadcrumb","itemListElement":[{"@type":"ListItem","position":1,"name":"Inicio","item":"https:\/\/www.cetys.mx\/gozorros\/"},{"@type":"ListItem","position":2,"name":"Nombre y mascota"}]},{"@type":"WebSite","@id":"https:\/\/www.cetys.mx\/gozorros\/#website","url":"https:\/\/www.cetys.mx\/gozorros\/","name":"CETYS Deportes","description":"","potentialAction":[{"@type":"SearchAction","target":{"@type":"EntryPoint","urlTemplate":"https:\/\/www.cetys.mx\/gozorros\/?s={search_term_string}"},"query-input":{"@type":"PropertyValueSpecification","valueRequired":true,"valueName":"search_term_string"}}],"inLanguage":"es"}]}},"_links":{"self":[{"href":"https:\/\/www.cetys.mx\/gozorros\/wp-json\/wp\/v2\/pages\/8287","targetHints":{"allow":["GET"]}}],"collection":[{"href":"https:\/\/www.cetys.mx\/gozorros\/wp-json\/wp\/v2\/pages"}],"about":[{"href":"https:\/\/www.cetys.mx\/gozorros\/wp-json\/wp\/v2\/types\/page"}],"author":[{"embeddable":true,"href":"https:\/\/www.cetys.mx\/gozorros\/wp-json\/wp\/v2\/users\/6"}],"replies":[{"embeddable":true,"href":"https:\/\/www.cetys.mx\/gozorros\/wp-json\/wp\/v2\/comments?post=8287"}],"version-history":[{"count":0,"href":"https:\/\/www.cetys.mx\/gozorros\/wp-json\/wp\/v2\/pages\/8287\/revisions"}],"wp:attachment":[{"href":"https:\/\/www.cetys.mx\/gozorros\/wp-json\/wp\/v2\/media?parent=8287"}],"curies":[{"name":"wp","href":"https:\/\/api.w.org\/{rel}","templated":true}]}}